{"id":103,"date":"2017-08-14T14:03:16","date_gmt":"2017-08-14T17:03:16","guid":{"rendered":"https:\/\/cel.fclar.unesp.br\/alemao\/?page_id=103"},"modified":"2025-09-19T08:46:51","modified_gmt":"2025-09-19T11:46:51","slug":"superlativ","status":"publish","type":"page","link":"https:\/\/raple.fclar.unesp.br\/alemao\/superlativ\/","title":{"rendered":"Comparativo e superlativo com M\u00fasica"},"content":{"rendered":"\n<p><strong>Tags: <\/strong>Comparativo, superlativo, exerc\u00edcios com m\u00fasicas<\/p>\n\n\n\n<div class=\"wp-block-columns is-layout-flex wp-container-core-columns-is-layout-9d6595d7 wp-block-columns-is-layout-flex\">\n<div class=\"wp-block-column is-layout-flow wp-block-column-is-layout-flow\">\n<p><strong>Objetivos:<\/strong><\/p>\n\n\n\n<ul class=\"wp-block-list\">\n<li>Praticar e fixar as formas do comparativo e superlativo em alem\u00e3o\u00a0<\/li>\n\n\n\n<li>Exercer habilidades de escuta da l\u00edngua<\/li>\n\n\n\n<li>Promover reflex\u00f5es com alunos\u00a0 acerca do tema, utilizando o superlativo e comparativo como meio de comunica\u00e7\u00e3o\u00a0<\/li>\n<\/ul>\n\n\n\n<p><strong>Tempo: <\/strong>90 minutos&nbsp;<\/p>\n\n\n\n<p><strong>Prepara\u00e7\u00e3o: <\/strong>Imprimir folhas com a letra das m\u00fasicas para os alunos <strong>(anexo)<\/strong>&nbsp;<\/p>\n<\/div>\n\n\n\n<div class=\"wp-block-column is-layout-flow wp-block-column-is-layout-flow\">\n<p><strong>Materiais:<\/strong><\/p>\n\n\n\n<ul class=\"wp-block-list\">\n<li>M\u00fasica <a href=\"https:\/\/www.youtube.com\/watch?v=hDE7O5jJXiI\" target=\"_blank\" rel=\"noreferrer noopener\">\u201cWeil ich dich liebe&#8221;<\/a><\/li>\n\n\n\n<li>M\u00fasica <a href=\"https:\/\/www.youtube.com\/watch?v=YmjnK4zTBhM&amp;list=RDYmjnK4zTBhM&amp;start_radio=1\" target=\"_blank\" rel=\"noreferrer noopener\">\u201c Sie liebt dich\u201d<\/a><\/li>\n\n\n\n<li>M\u00fasica <a href=\"https:\/\/www.youtube.com\/watch?v=QvUxi7X6lBg&amp;list=RDQvUxi7X6lBg&amp;start_radio=1\" target=\"_blank\" rel=\"noreferrer noopener\">\u201cM\u00e4nner\u201d<\/a><\/li>\n\n\n\n<li>Folhas com as letras das m\u00fasicas <strong>(anexo)\u00a0<\/strong><\/li>\n\n\n\n<li>Lousa<\/li>\n\n\n\n<li>Datashow\u00a0<\/li>\n<\/ul>\n\n\n\n<p><\/p>\n<\/div>\n<\/div>\n\n\n\n<p><strong>Etapa 1:<\/strong><\/p>\n\n\n\n<p>Inicia-se a aula apresentando para os alunos algumas m\u00fasicas, questionando se algu\u00e9m conhece a m\u00fasica ou a banda\/o cantor,, com o intuito de deix\u00e1-los mais \u00e0 vontade e introduzir, de maneira l\u00fadica, o conte\u00fado programado, pois a letra em si ser\u00e1 abordada mais adiante, na Etapa 2.&nbsp;<\/p>\n\n\n\n<p>Considerando esta uma aula de continuidade tem\u00e1tica, em seguida, deve-se construir, em conjunto com os alunos, uma revis\u00e3o do conte\u00fado \u201cComparativo e Superlativo\u201d na lousa, para que, assim, fique vis\u00edvel na atividade realizada posteriormente.&nbsp;<\/p>\n\n\n\n<p><strong>Etapa 2:&nbsp;<\/strong><\/p>\n\n\n\n<p>Em seguida, pedindo para que os alunos fa\u00e7am duplas, o professor deve entregar a eles as letras das m\u00fasicas (em anexo) e\/ou projet\u00e1-las por meio do datashow, para que os alunos as acompanhem durante uma nova escuta. Ap\u00f3s este momento, pode-se lan\u00e7ar as seguinte perguntas norteadoras, requisitando as percep\u00e7\u00f5es iniciais e as opini\u00f5es dos estudantes: qual mais gostaram e porqu\u00ea; qual menos gostaram e porqu\u00ea; o que compreenderam das can\u00e7\u00f5es; o que sentiram maiores dificuldades, etc &#8211; promovendo um di\u00e1logo entre eles, o qual, neste primeiro momento, pode ser realizado em portugu\u00eas<\/p>\n\n\n\n<p><strong>Etapa 3<\/strong><\/p>\n\n\n\n<p><strong>&nbsp;<\/strong>Tendo em vista a atividade reflexiva desenvolvida na etapa anterior, neste pr\u00f3ximo momento os alunos devem repeti-las com sua dupla, utilizando, desta vez, o comparativo e superlativo em L\u00edngua Alem\u00e3; Proponha a resposta das mesmas perguntas norteadoras, com o uso de adjetivos como <em>sch\u00f6n, romantisch, lang, kurz, traurig, melancholisch, schnell, langsam<\/em>, <em>tief<\/em> e outros&nbsp;&nbsp;&nbsp;<\/p>\n\n\n\n<p><strong>Observa\u00e7\u00f5es:<\/strong> Nota-se que, por se tratar de uma aula de pr\u00e1tica e fixa\u00e7\u00e3o de \u201cComparativos e Superlativos\u201d da l\u00edngua alem\u00e3, os alunos devem ter no\u00e7\u00f5es pr\u00e9vias deste conte\u00fado, bem como sobre adjetivos. Por\u00e9m, se necess\u00e1rio, o professor pode expandir este vocabul\u00e1rio na sala de aula, durante a etapa 1 ou 2.<\/p>\n\n\n\n<p><strong>Anexo:<\/strong><\/p>\n\n\n\n<p><strong><img loading=\"lazy\" decoding=\"async\" src=\"https:\/\/raple.fclar.unesp.br\/576c6d4b-3c73-4a4d-9952-df0b93411688\" width=\"605\" height=\"252\"><\/strong><\/p>\n\n\n\n<figure class=\"wp-block-image size-large\"><img loading=\"lazy\" decoding=\"async\" width=\"1024\" height=\"427\" src=\"https:\/\/raple.fclar.unesp.br\/alemao\/wp-content\/uploads\/sites\/2\/2025\/09\/image-1024x427.png\" alt=\"\" class=\"wp-image-2252\" srcset=\"https:\/\/raple.fclar.unesp.br\/alemao\/wp-content\/uploads\/sites\/2\/2025\/09\/image-1024x427.png 1024w, https:\/\/raple.fclar.unesp.br\/alemao\/wp-content\/uploads\/sites\/2\/2025\/09\/image-300x125.png 300w, https:\/\/raple.fclar.unesp.br\/alemao\/wp-content\/uploads\/sites\/2\/2025\/09\/image-768x320.png 768w, https:\/\/raple.fclar.unesp.br\/alemao\/wp-content\/uploads\/sites\/2\/2025\/09\/image-1536x640.png 1536w, https:\/\/raple.fclar.unesp.br\/alemao\/wp-content\/uploads\/sites\/2\/2025\/09\/image.png 1600w\" sizes=\"auto, (max-width: 1024px) 100vw, 1024px\" \/><\/figure>\n\n\n\n<figure class=\"wp-block-image size-large\"><img loading=\"lazy\" decoding=\"async\" width=\"1024\" height=\"559\" src=\"https:\/\/raple.fclar.unesp.br\/alemao\/wp-content\/uploads\/sites\/2\/2025\/09\/image-1-1024x559.png\" alt=\"\" class=\"wp-image-2253\" srcset=\"https:\/\/raple.fclar.unesp.br\/alemao\/wp-content\/uploads\/sites\/2\/2025\/09\/image-1-1024x559.png 1024w, https:\/\/raple.fclar.unesp.br\/alemao\/wp-content\/uploads\/sites\/2\/2025\/09\/image-1-300x164.png 300w, https:\/\/raple.fclar.unesp.br\/alemao\/wp-content\/uploads\/sites\/2\/2025\/09\/image-1-768x419.png 768w, https:\/\/raple.fclar.unesp.br\/alemao\/wp-content\/uploads\/sites\/2\/2025\/09\/image-1-1536x838.png 1536w, https:\/\/raple.fclar.unesp.br\/alemao\/wp-content\/uploads\/sites\/2\/2025\/09\/image-1.png 1600w\" sizes=\"auto, (max-width: 1024px) 100vw, 1024px\" \/><\/figure>\n\n\n\n<p><strong>Autoria: <\/strong>Profa. Cibele Cec\u00edlio de Faria Rozenfeld<\/p>\n\n\n\n<p><strong>Adaptado por: <\/strong>Julia Wik Atique&nbsp;<\/p>\n\n\n\n<p><strong>N\u00edvel: <\/strong>A1<\/p>\n","protected":false},"excerpt":{"rendered":"<p>Tags: Comparativo, superlativo, exerc\u00edcios com m\u00fasicas Objetivos: Tempo: 90 minutos&nbsp; Prepara\u00e7\u00e3o: Imprimir folhas com a letra das m\u00fasicas para os alunos (anexo)&nbsp; Materiais: Etapa 1: Inicia-se a aula apresentando para os alunos algumas m\u00fasicas, questionando se algu\u00e9m conhece a m\u00fasica ou a banda\/o cantor,, com o intuito de deix\u00e1-los mais [&hellip;]<\/p>\n","protected":false},"author":2,"featured_media":0,"parent":0,"menu_order":0,"comment_status":"closed","ping_status":"closed","template":"","meta":{"_monsterinsights_skip_tracking":false,"_monsterinsights_sitenote_active":false,"_monsterinsights_sitenote_note":"","_monsterinsights_sitenote_category":0,"footnotes":""},"class_list":["post-103","page","type-page","status-publish","hentry"],"_links":{"self":[{"href":"https:\/\/raple.fclar.unesp.br\/alemao\/wp-json\/wp\/v2\/pages\/103","targetHints":{"allow":["GET"]}}],"collection":[{"href":"https:\/\/raple.fclar.unesp.br\/alemao\/wp-json\/wp\/v2\/pages"}],"about":[{"href":"https:\/\/raple.fclar.unesp.br\/alemao\/wp-json\/wp\/v2\/types\/page"}],"author":[{"embeddable":true,"href":"https:\/\/raple.fclar.unesp.br\/alemao\/wp-json\/wp\/v2\/users\/2"}],"replies":[{"embeddable":true,"href":"https:\/\/raple.fclar.unesp.br\/alemao\/wp-json\/wp\/v2\/comments?post=103"}],"version-history":[{"count":17,"href":"https:\/\/raple.fclar.unesp.br\/alemao\/wp-json\/wp\/v2\/pages\/103\/revisions"}],"predecessor-version":[{"id":2254,"href":"https:\/\/raple.fclar.unesp.br\/alemao\/wp-json\/wp\/v2\/pages\/103\/revisions\/2254"}],"wp:attachment":[{"href":"https:\/\/raple.fclar.unesp.br\/alemao\/wp-json\/wp\/v2\/media?parent=103"}],"curies":[{"name":"wp","href":"https:\/\/api.w.org\/{rel}","templated":true}]}}