{"id":2108,"date":"2025-04-11T10:38:33","date_gmt":"2025-04-11T13:38:33","guid":{"rendered":"https:\/\/raple.fclar.unesp.br\/alemao\/?page_id=2108"},"modified":"2025-04-11T10:47:19","modified_gmt":"2025-04-11T13:47:19","slug":"verbos-modais-kahoot","status":"publish","type":"page","link":"https:\/\/raple.fclar.unesp.br\/alemao\/verbos-modais-kahoot\/","title":{"rendered":"Verbos modais (Kahoot)"},"content":{"rendered":"\n<p><strong>Autoria:<\/strong> Ta\u00eds Ca\u00edres Rodrigues<\/p>\n\n\n\n<p><strong>N\u00edvel:<\/strong> A1.2<\/p>\n\n\n\n<p>Nos primeiros minutos de aula, ser\u00e1 feito um revis\u00e3o com toda a classe da conjuga\u00e7\u00e3o e das estruturas das ora\u00e7\u00f5es em que os modais aparecem<br>Depois ser\u00e1 feito um exerc\u00edcio para uso das estruturas dos modais<br>Ap\u00f3s o exerc\u00edcio, ser\u00e3o apresentados os sentidos e usos dos verbos modais, apontando as suas diferen\u00e7as de significa\u00e7\u00e3o. Por fim, a classe ser\u00e1 dividida em duas equipes e ser\u00e1 feito um jogo na plataforma Kahoot, em que far\u00e3o uso dos modais em ora\u00e7\u00f5es, ordenando-as e\/ou preenchendo com o<br>verbo correto<\/p>\n\n\n\n<p>Link Kahoot: <a href=\"https:\/\/create.kahoot.it\/share\/modalverben\/8f8cc215-54d6-4dde-8ac9-34a28bc6f123\" target=\"_blank\" rel=\"noreferrer noopener\">https:\/\/create.kahoot.it\/share\/modalverben\/8f8cc215-54d6-4dde-8ac9-34a28bc6f123<\/a>\u00a0<\/p>\n","protected":false},"excerpt":{"rendered":"<p>Autoria: Ta\u00eds Ca\u00edres Rodrigues N\u00edvel: A1.2 Nos primeiros minutos de aula, ser\u00e1 feito um revis\u00e3o com toda a classe da conjuga\u00e7\u00e3o e das estruturas das ora\u00e7\u00f5es em que os modais aparecemDepois ser\u00e1 feito um exerc\u00edcio para uso das estruturas dos modaisAp\u00f3s o exerc\u00edcio, ser\u00e3o apresentados os sentidos e usos dos [&hellip;]<\/p>\n","protected":false},"author":19,"featured_media":0,"parent":0,"menu_order":0,"comment_status":"closed","ping_status":"closed","template":"","meta":{"_monsterinsights_skip_tracking":false,"_monsterinsights_sitenote_active":false,"_monsterinsights_sitenote_note":"","_monsterinsights_sitenote_category":0,"footnotes":""},"class_list":["post-2108","page","type-page","status-publish","hentry"],"_links":{"self":[{"href":"https:\/\/raple.fclar.unesp.br\/alemao\/wp-json\/wp\/v2\/pages\/2108","targetHints":{"allow":["GET"]}}],"collection":[{"href":"https:\/\/raple.fclar.unesp.br\/alemao\/wp-json\/wp\/v2\/pages"}],"about":[{"href":"https:\/\/raple.fclar.unesp.br\/alemao\/wp-json\/wp\/v2\/types\/page"}],"author":[{"embeddable":true,"href":"https:\/\/raple.fclar.unesp.br\/alemao\/wp-json\/wp\/v2\/users\/19"}],"replies":[{"embeddable":true,"href":"https:\/\/raple.fclar.unesp.br\/alemao\/wp-json\/wp\/v2\/comments?post=2108"}],"version-history":[{"count":2,"href":"https:\/\/raple.fclar.unesp.br\/alemao\/wp-json\/wp\/v2\/pages\/2108\/revisions"}],"predecessor-version":[{"id":2132,"href":"https:\/\/raple.fclar.unesp.br\/alemao\/wp-json\/wp\/v2\/pages\/2108\/revisions\/2132"}],"wp:attachment":[{"href":"https:\/\/raple.fclar.unesp.br\/alemao\/wp-json\/wp\/v2\/media?parent=2108"}],"curies":[{"name":"wp","href":"https:\/\/api.w.org\/{rel}","templated":true}]}}