{"id":940,"date":"2019-10-21T16:06:04","date_gmt":"2019-10-21T19:06:04","guid":{"rendered":"https:\/\/cel.fclar.unesp.br\/alemao\/?page_id=940"},"modified":"2019-10-21T16:06:04","modified_gmt":"2019-10-21T19:06:04","slug":"learning-apps","status":"publish","type":"page","link":"https:\/\/raple.fclar.unesp.br\/alemao\/learning-apps\/","title":{"rendered":"Learning apps"},"content":{"rendered":"\n<div class=\"wp-block-image\"><figure class=\"aligncenter\"><img decoding=\"async\" src=\"https:\/\/encrypted-tbn0.gstatic.com\/images?q=tbn:ANd9GcSxY-DF1o9qO5BoA0Of1qYnNZBOyNiu4RhjYODkxG1N2h_jfwJf7g\" alt=\"Resultado de imagem para Learningapps\" \/><\/figure><\/div>\n\n\n\n<p style=\"text-align:center\"> LearningApps.org \u00e9 um aplicativo da Web 2.0 para processos de aprendizado e ensino com pequenos m\u00f3dulos interativos.\u00a0Esses m\u00f3dulos podem ser usados \u200b\u200bdiretamente em materiais de aprendizagem, mas tamb\u00e9m para auto-estudo.\u00a0O objetivo \u00e9 coletar blocos de constru\u00e7\u00e3o reutiliz\u00e1veis \u200b\u200be disponibiliz\u00e1-los para todos.\u00a0Os blocos (chamados Apps) n\u00e3o incluem estrutura espec\u00edfica ou cen\u00e1rio de aprendizado espec\u00edfico.\u00a0Os blocos n\u00e3o s\u00e3o adequados como li\u00e7\u00f5es ou tarefas completas, mas devem ser incorporados em um cen\u00e1rio de ensino apropriado <\/p>\n\n\n\n<p style=\"text-align:center\">Fonte:<a href=\"https:\/\/learningapps.org\/about.php\"> Learningapps<\/a><\/p>\n","protected":false},"excerpt":{"rendered":"<p>LearningApps.org \u00e9 um aplicativo da Web 2.0 para processos de aprendizado e ensino com pequenos m\u00f3dulos interativos.\u00a0Esses m\u00f3dulos podem ser usados \u200b\u200bdiretamente em materiais de aprendizagem, mas tamb\u00e9m para auto-estudo.\u00a0O objetivo \u00e9 coletar blocos de constru\u00e7\u00e3o reutiliz\u00e1veis \u200b\u200be disponibiliz\u00e1-los para todos.\u00a0Os blocos (chamados Apps) n\u00e3o incluem estrutura espec\u00edfica ou cen\u00e1rio [&hellip;]<\/p>\n","protected":false},"author":6,"featured_media":0,"parent":0,"menu_order":0,"comment_status":"closed","ping_status":"closed","template":"","meta":{"_monsterinsights_skip_tracking":false,"_monsterinsights_sitenote_active":false,"_monsterinsights_sitenote_note":"","_monsterinsights_sitenote_category":0,"footnotes":""},"class_list":["post-940","page","type-page","status-publish","hentry"],"_links":{"self":[{"href":"https:\/\/raple.fclar.unesp.br\/alemao\/wp-json\/wp\/v2\/pages\/940","targetHints":{"allow":["GET"]}}],"collection":[{"href":"https:\/\/raple.fclar.unesp.br\/alemao\/wp-json\/wp\/v2\/pages"}],"about":[{"href":"https:\/\/raple.fclar.unesp.br\/alemao\/wp-json\/wp\/v2\/types\/page"}],"author":[{"embeddable":true,"href":"https:\/\/raple.fclar.unesp.br\/alemao\/wp-json\/wp\/v2\/users\/6"}],"replies":[{"embeddable":true,"href":"https:\/\/raple.fclar.unesp.br\/alemao\/wp-json\/wp\/v2\/comments?post=940"}],"version-history":[{"count":1,"href":"https:\/\/raple.fclar.unesp.br\/alemao\/wp-json\/wp\/v2\/pages\/940\/revisions"}],"predecessor-version":[{"id":942,"href":"https:\/\/raple.fclar.unesp.br\/alemao\/wp-json\/wp\/v2\/pages\/940\/revisions\/942"}],"wp:attachment":[{"href":"https:\/\/raple.fclar.unesp.br\/alemao\/wp-json\/wp\/v2\/media?parent=940"}],"curies":[{"name":"wp","href":"https:\/\/api.w.org\/{rel}","templated":true}]}}