{"id":672,"date":"2022-11-03T17:59:25","date_gmt":"2022-11-03T20:59:25","guid":{"rendered":"https:\/\/raple.fclar.unesp.br\/espanhol\/?page_id=672"},"modified":"2024-10-24T15:36:34","modified_gmt":"2024-10-24T18:36:34","slug":"leituras-videos-e-audios","status":"publish","type":"page","link":"https:\/\/raple.fclar.unesp.br\/espanhol\/leituras-videos-e-audios\/","title":{"rendered":"Leituras, v\u00eddeos e \u00e1udios"},"content":{"rendered":"\n<figure class=\"wp-block-image size-large\"><img loading=\"lazy\" decoding=\"async\" width=\"1024\" height=\"85\" src=\"https:\/\/raple.fclar.unesp.br\/espanhol\/wp-content\/uploads\/sites\/4\/2022\/11\/wide_videos-1024x85.png\" alt=\"\" class=\"wp-image-674\" srcset=\"https:\/\/raple.fclar.unesp.br\/espanhol\/wp-content\/uploads\/sites\/4\/2022\/11\/wide_videos-1024x85.png 1024w, https:\/\/raple.fclar.unesp.br\/espanhol\/wp-content\/uploads\/sites\/4\/2022\/11\/wide_videos-300x25.png 300w, https:\/\/raple.fclar.unesp.br\/espanhol\/wp-content\/uploads\/sites\/4\/2022\/11\/wide_videos-768x64.png 768w, https:\/\/raple.fclar.unesp.br\/espanhol\/wp-content\/uploads\/sites\/4\/2022\/11\/wide_videos.png 1080w\" sizes=\"auto, (max-width: 1024px) 100vw, 1024px\" \/><\/figure>\n\n\n\n<div class=\"wp-block-columns is-layout-flex wp-container-core-columns-is-layout-9d6595d7 wp-block-columns-is-layout-flex\">\n<div class=\"wp-block-column is-layout-flow wp-block-column-is-layout-flow\">\n<p><strong>R\u00e1dios: <\/strong><br><strong><a href=\"http:\/\/www.fmdellagoesquel.com.ar\/\" target=\"_blank\" rel=\"noreferrer noopener\"><\/a><a href=\"https:\/\/br.radio.net\/s\/dellago\" target=\"_blank\" rel=\"noreferrer noopener\">FM Del Lago<\/a><br><a href=\"https:\/\/www.radioacktiva.com\/\" data-type=\"link\" data-id=\"https:\/\/www.radioacktiva.com\/\" target=\"_blank\" rel=\"noreferrer noopener\">Radio Acktiva<\/a><br><\/strong><a href=\"http:\/\/www.radioactiva.cl\/\" target=\"_blank\" rel=\"noreferrer noopener\"><strong>Radioactiva<\/strong><\/a><br><strong><a href=\"http:\/\/www.lamejor.com.mx\/\" target=\"_blank\" rel=\"noreferrer noopener\">La Mejor FM<\/a><br><\/strong><a href=\"https:\/\/brasilia.cervantes.es\/br\/cursos_espanhol\/estudantes_espanhol\/radio_e_tv_em_espanhol.htm\" target=\"_blank\" rel=\"noreferrer noopener\"><strong>Instituto Cervantes:<\/strong><\/a> p\u00e1gina que cont\u00e9m sele\u00e7\u00e3o de r\u00e1dios e programas de TV, separada por pa\u00edses<br><a href=\"http:\/\/radio.garden\/\" target=\"_blank\" rel=\"noreferrer noopener\"><strong>Radio Garden<\/strong><\/a>\u00a0<a href=\"https:\/\/youtu.be\/i7d6Hc42RoA\" target=\"_blank\" rel=\"noreferrer noopener\">(Tutorial em Ingl\u00eas)<\/a><\/p>\n\n\n\n<p><strong><a href=\"https:\/\/www.jamendo.com\/?language=pt\" target=\"_blank\" rel=\"noreferrer noopener\">Jamendo Music<\/a><\/strong> = \u00c9 uma comunidade de m\u00fasica relativamente livre. Por meio do pagamento de uma assinatura, docentes e discentes podem acessar m\u00fasicas livres de direitos autorais e utiliz\u00e1-las em trabalhos como a produ\u00e7\u00e3o de filmes, document\u00e1rios, pe\u00e7as teatrais, etc.&nbsp;<\/p>\n<\/div>\n\n\n\n<div class=\"wp-block-column is-layout-flow wp-block-column-is-layout-flow\">\n<p><a rel=\"noreferrer noopener\" href=\"https:\/\/www.youtube.com\/channel\/UCTyCyyV0eKfEoMWI_V11z6A\/videos\" target=\"_blank\"><strong>Tu escuela de espa\u00f1ol<\/strong><\/a> &#8211; Canal no Youtube com materiais diferenciados<\/p>\n\n\n\n<p><br><strong><a href=\"https:\/\/app.sedacollegeonline.com\/p\/spanish-for-beginners\">Seda College Online &#8211;<\/a><\/strong> Site com curso de Espanhol b\u00e1sico totalmente gratuito<\/p>\n\n\n\n<p><strong><a href=\"https:\/\/www.imdb.com\/\" target=\"_blank\" rel=\"noreferrer noopener\">IMDb Filmes<\/a> =<\/strong> IMDb Filmes \u00e9 um aplicativo voltado ao mundo do audiovisual. Nesta ferramenta, s\u00e3o apresentados v\u00eddeos, avalia\u00e7\u00f5es e outras informa\u00e7\u00f5es sobre filmes, s\u00e9ries, comerciais, atrizes e atores. Outras fun\u00e7\u00f5es do recurso s\u00e3o a possibilidade de se atribuir notas e criar listas relativas aos filmes assistidos.&nbsp;<\/p>\n\n\n\n<p><strong><a rel=\"noreferrer noopener\" href=\"https:\/\/soundsofspeech.uiowa.edu\/\" target=\"_blank\">Sounds of Speech<\/a><\/strong> &#8211; &nbsp;Sounds of Speech \u00e9 uma ferramenta da Universidade de Iowa, no qual pode-se observar a forma\u00e7\u00e3o do som dentro da boca por meio de anima\u00e7\u00f5es, v\u00eddeos e trechos de \u00e1udios. Al\u00e9m do espanhol, est\u00e3o dispon\u00edveis alem\u00e3o e ingl\u00eas.<\/p>\n<\/div>\n<\/div>\n\n\n\n<div class=\"wp-block-columns is-layout-flex wp-container-core-columns-is-layout-9d6595d7 wp-block-columns-is-layout-flex\">\n<div class=\"wp-block-column is-layout-flow wp-block-column-is-layout-flow\">\n<p><strong>Podcasts:<\/strong><\/p>\n\n\n\n<p><a href=\"https:\/\/open.spotify.com\/episode\/68v6zzdaD6FFkRRbRC6TDV?si=4a14a94d9de945ab\"><strong>Casados y complicados, con Santi y Laurita<\/strong><\/a><\/p>\n\n\n\n<p>Neste podcast, o casal Santi y Laurita d\u00e3o dicas valiosas sobre como ter relacionamentos duradouros tanto no namoro como tamb\u00e9m no casamento. No epis\u00f3dio 79, o tema trabalhado \u00e9 um top 10 dicas para ter um bom relacionamento com os sogros, sendo assim \u00f3timo para trabalhar culturalmente v\u00e1rios aspectos da fam\u00edlia e tamb\u00e9m, a partir de um olhar lingu\u00edstico, desenvolver o g\u00eanero textual conselho tanto oralmente quanto escrito.<\/p>\n\n\n\n<p><a href=\"https:\/\/open.spotify.com\/episode\/4OUnMP8DhhdB1ijTCObBEB?si=54fab37c858d467c\"><strong>Audiogu\u00edas Rosario Turismo<\/strong><\/a><\/p>\n\n\n\n<p>O podcast <a href=\"https:\/\/open.spotify.com\/episode\/4OUnMP8DhhdB1ijTCObBEB?si=54fab37c858d467c\"><strong>Audiogu\u00edas Rosario Turismo<\/strong><\/a> traz diferentes aspectos da cultura do munic\u00edpio de Rosario atrav\u00e9s de diversos circuitos que abordam tem\u00e1ticas que v\u00e3o desde lendas urbanas at\u00e9 figuras hist\u00f3ricas, de mulheres singulares at\u00e9 teatros e casas de apresenta\u00e7\u00e3o. Deste modo, \u00e9 poss\u00edvel abordar com este material o t\u00f3pico comunicativo do turismo, j\u00e1 que s\u00e3o utilizados diversos recursos lingu\u00edsticos para descri\u00e7\u00e3o de um lugar.<\/p>\n\n\n\n<p><a href=\"https:\/\/open.spotify.com\/episode\/2MdheYtg3xy4cNfN2uo00c?si=e14baa50b4374590\"><strong>Hor\u00f3scopo del d\u00eda con Gloria D\u00edaz Salom<\/strong><\/a><\/p>\n\n\n\n<p>Este podcast apresenta diariamente hor\u00f3scopos com dicas para espiritualidade e cotidiano com com t\u00f3picos variados e divertidos. Sendo assim, \u00e9 ideal &nbsp; para abordar temas como previs\u00f5es e sugest\u00f5es, bem como para&nbsp; fomentar o debate acerca do que os alunos fazem para ter um dia melhor.<\/p>\n<\/div>\n\n\n\n<div class=\"wp-block-column is-layout-flow wp-block-column-is-layout-flow\">\n<p><\/p>\n\n\n\n<p><a href=\"https:\/\/open.spotify.com\/episode\/4UJxeIMyJm7hXr9eGkpt5X?si=4dd9e99a19ad49c7\"><strong>Desarollo Profesional<\/strong><\/a><\/p>\n\n\n\n<p>Mattia Pantaloni traz dicas valiosas sobre todas as quest\u00f5es do mundo do trabalho. No epis\u00f3dio 1232: \u201cCuando saboteas tu trabajo\u201d, \u00e9 apresentada a vis\u00e3o do podcaster sobre o c\u00edrculo vicioso da autossabotagem e como romper esta din\u00e2mica. Portanto, \u00e9 poss\u00edvel utilizar este material dentro de um contexto lingu\u00edstico de trabalho, al\u00e9m de ser um \u00f3timo caminho para iniciar debates sobre diferentes vis\u00f5es sobre as tem\u00e1ticas.<\/p>\n\n\n\n<p><strong><a href=\"https:\/\/open.spotify.com\/show\/1puKUN2oF1M5DMt8o4M1bA?si=k-kvdoJ-TkeB0ufNv8c2GA&amp;nd=1&amp;dlsi=0ec9d6232b744665\" data-type=\"link\" data-id=\"https:\/\/open.spotify.com\/show\/1puKUN2oF1M5DMt8o4M1bA?si=k-kvdoJ-TkeB0ufNv8c2GA&amp;nd=1&amp;dlsi=0ec9d6232b744665\" target=\"_blank\" rel=\"noreferrer noopener\">Hoy Hablamos &#8211; podcast diario para aprender espa\u00f1ol<\/a><\/strong><\/p>\n\n\n\n<p>Este podcast voltado para estudantes de espanhol tem como proposta o contato di\u00e1rio com a l\u00edngua, trazendo diferentes t\u00f3picos culturais. O epis\u00f3dio 1542 &#8211; Cl\u00e1ssicos del Cine Espa\u00f1ol &#8211; tem como tema o cinema espanhol dos anos 70, abordando filmes de not\u00f3ria import\u00e2ncia do per\u00edodo, sendo relevante&nbsp; para mediar a expans\u00e3o do horizonte cultural dos alunos. Al\u00e9m disso, pode ser base para trabalhar diferentes g\u00eaneros orais ou textuais ,tais quais&nbsp; o coment\u00e1rio ou a resenha.&nbsp;<\/p>\n\n\n\n<p><a href=\"https:\/\/open.spotify.com\/episode\/1rA1q99rsLfbM62LPjE8xp?si=fc5d036b373640f3\"><strong>Fluency TV Espanhol<\/strong><\/a><br>Na Fluency TV Espanhol, encontram-se v\u00e1rios epis\u00f3dios com tem\u00e1ticas diferentes e cotidianas para aprimorar seus estudos. O intuito do projeto \u00e9 que os alunos tenham contato di\u00e1rio com a l\u00edngua e culturas pan-hisp\u00e2nicas. O epis\u00f3dio 106 \u201c\u00bfHabr\u00e1 llegado mi encomienda?\u201d trabalha o futuro composto em espanhol, tendo por foco comunicativo as previs\u00f5es. Al\u00e9m disso, esse material pode servir como base para uma atividade em que os alunos dever\u00e3o escrever um e-mail de reclama\u00e7\u00e3o aos correios sobre uma encomenda que n\u00e3o chegou<\/p>\n<\/div>\n<\/div>\n\n\n\n<figure class=\"wp-block-image size-large\"><img loading=\"lazy\" decoding=\"async\" width=\"1024\" height=\"85\" src=\"https:\/\/raple.fclar.unesp.br\/espanhol\/wp-content\/uploads\/sites\/4\/2022\/11\/wide_leituras-1024x85.png\" alt=\"\" class=\"wp-image-673\" srcset=\"https:\/\/raple.fclar.unesp.br\/espanhol\/wp-content\/uploads\/sites\/4\/2022\/11\/wide_leituras-1024x85.png 1024w, https:\/\/raple.fclar.unesp.br\/espanhol\/wp-content\/uploads\/sites\/4\/2022\/11\/wide_leituras-300x25.png 300w, https:\/\/raple.fclar.unesp.br\/espanhol\/wp-content\/uploads\/sites\/4\/2022\/11\/wide_leituras-768x64.png 768w, https:\/\/raple.fclar.unesp.br\/espanhol\/wp-content\/uploads\/sites\/4\/2022\/11\/wide_leituras.png 1080w\" sizes=\"auto, (max-width: 1024px) 100vw, 1024px\" \/><\/figure>\n\n\n\n<div class=\"wp-block-columns is-layout-flex wp-container-core-columns-is-layout-9d6595d7 wp-block-columns-is-layout-flex\">\n<div class=\"wp-block-column is-layout-flow wp-block-column-is-layout-flow\">\n<p><strong>Not\u00edcias:<\/strong><br><a href=\"https:\/\/www.juntadeandalucia.es\/\"><strong>Junta de Andaluc\u00eda<\/strong><\/a><br><a href=\"https:\/\/web.gencat.cat\/ca\/inici\/\"><strong>gencat.cat<\/strong><\/a><br><a href=\"https:\/\/www.comunidad.madrid\/\"><strong>comunidad.madrid<\/strong><\/a><\/p>\n\n\n\n<p><a href=\"https:\/\/www.elmundo.es\/\" target=\"_blank\" rel=\"noreferrer noopener\"><strong>El Mundo<\/strong><\/a><\/p>\n<\/div>\n\n\n\n<div class=\"wp-block-column is-layout-flow wp-block-column-is-layout-flow\">\n<p><strong>Materiais did\u00e1ticos:<\/strong><\/p>\n\n\n\n<p><a href=\"https:\/\/www.santillana.com.br\/nossas-solucoes\/santillana-espanhol\"><strong>Editora Santillana Espa\u00f1ol<\/strong><\/a><\/p>\n<\/div>\n<\/div>\n","protected":false},"excerpt":{"rendered":"<p>R\u00e1dios: FM Del LagoRadio AcktivaRadioactivaLa Mejor FMInstituto Cervantes: p\u00e1gina que cont\u00e9m sele\u00e7\u00e3o de r\u00e1dios e programas de TV, separada por pa\u00edsesRadio Garden\u00a0(Tutorial em Ingl\u00eas) Jamendo Music = \u00c9 uma comunidade de m\u00fasica relativamente livre. Por meio do pagamento de uma assinatura, docentes e discentes podem acessar m\u00fasicas livres de direitos [&hellip;]<\/p>\n","protected":false},"author":19,"featured_media":548,"parent":0,"menu_order":0,"comment_status":"closed","ping_status":"closed","template":"","meta":{"_monsterinsights_skip_tracking":false,"_monsterinsights_sitenote_active":false,"_monsterinsights_sitenote_note":"","_monsterinsights_sitenote_category":0,"footnotes":""},"class_list":["post-672","page","type-page","status-publish","has-post-thumbnail","hentry"],"_links":{"self":[{"href":"https:\/\/raple.fclar.unesp.br\/espanhol\/wp-json\/wp\/v2\/pages\/672","targetHints":{"allow":["GET"]}}],"collection":[{"href":"https:\/\/raple.fclar.unesp.br\/espanhol\/wp-json\/wp\/v2\/pages"}],"about":[{"href":"https:\/\/raple.fclar.unesp.br\/espanhol\/wp-json\/wp\/v2\/types\/page"}],"author":[{"embeddable":true,"href":"https:\/\/raple.fclar.unesp.br\/espanhol\/wp-json\/wp\/v2\/users\/19"}],"replies":[{"embeddable":true,"href":"https:\/\/raple.fclar.unesp.br\/espanhol\/wp-json\/wp\/v2\/comments?post=672"}],"version-history":[{"count":8,"href":"https:\/\/raple.fclar.unesp.br\/espanhol\/wp-json\/wp\/v2\/pages\/672\/revisions"}],"predecessor-version":[{"id":943,"href":"https:\/\/raple.fclar.unesp.br\/espanhol\/wp-json\/wp\/v2\/pages\/672\/revisions\/943"}],"wp:featuredmedia":[{"embeddable":true,"href":"https:\/\/raple.fclar.unesp.br\/espanhol\/wp-json\/wp\/v2\/media\/548"}],"wp:attachment":[{"href":"https:\/\/raple.fclar.unesp.br\/espanhol\/wp-json\/wp\/v2\/media?parent=672"}],"curies":[{"name":"wp","href":"https:\/\/api.w.org\/{rel}","templated":true}]}}