{"id":695,"date":"2023-05-19T13:54:11","date_gmt":"2023-05-19T16:54:11","guid":{"rendered":"https:\/\/raple.fclar.unesp.br\/espanhol\/?page_id=695"},"modified":"2023-05-19T13:54:12","modified_gmt":"2023-05-19T16:54:12","slug":"adivinanzas","status":"publish","type":"page","link":"https:\/\/raple.fclar.unesp.br\/espanhol\/adivinanzas\/","title":{"rendered":"Adivinanzas"},"content":{"rendered":"\n<p><strong>Autoria<\/strong>: Giovanna Palauro Silva<\/p>\n\n\n\n<p>Os\/as alunos\/as fazem m\u00edmicas relacionadas ao vocabul\u00e1rio aprendido. A turma pode ser dividida em grupos para estimular uma competi\u00e7\u00e3o.&nbsp;<\/p>\n","protected":false},"excerpt":{"rendered":"<p>Autoria: Giovanna Palauro Silva Os\/as alunos\/as fazem m\u00edmicas relacionadas ao vocabul\u00e1rio aprendido. A turma pode ser dividida em grupos para estimular uma competi\u00e7\u00e3o.&nbsp;<\/p>\n","protected":false},"author":19,"featured_media":0,"parent":0,"menu_order":0,"comment_status":"closed","ping_status":"closed","template":"","meta":{"_monsterinsights_skip_tracking":false,"_monsterinsights_sitenote_active":false,"_monsterinsights_sitenote_note":"","_monsterinsights_sitenote_category":0,"footnotes":""},"class_list":["post-695","page","type-page","status-publish","hentry"],"_links":{"self":[{"href":"https:\/\/raple.fclar.unesp.br\/espanhol\/wp-json\/wp\/v2\/pages\/695","targetHints":{"allow":["GET"]}}],"collection":[{"href":"https:\/\/raple.fclar.unesp.br\/espanhol\/wp-json\/wp\/v2\/pages"}],"about":[{"href":"https:\/\/raple.fclar.unesp.br\/espanhol\/wp-json\/wp\/v2\/types\/page"}],"author":[{"embeddable":true,"href":"https:\/\/raple.fclar.unesp.br\/espanhol\/wp-json\/wp\/v2\/users\/19"}],"replies":[{"embeddable":true,"href":"https:\/\/raple.fclar.unesp.br\/espanhol\/wp-json\/wp\/v2\/comments?post=695"}],"version-history":[{"count":1,"href":"https:\/\/raple.fclar.unesp.br\/espanhol\/wp-json\/wp\/v2\/pages\/695\/revisions"}],"predecessor-version":[{"id":696,"href":"https:\/\/raple.fclar.unesp.br\/espanhol\/wp-json\/wp\/v2\/pages\/695\/revisions\/696"}],"wp:attachment":[{"href":"https:\/\/raple.fclar.unesp.br\/espanhol\/wp-json\/wp\/v2\/media?parent=695"}],"curies":[{"name":"wp","href":"https:\/\/api.w.org\/{rel}","templated":true}]}}