{"id":1808,"date":"2025-07-02T16:24:18","date_gmt":"2025-07-02T19:24:18","guid":{"rendered":"https:\/\/raple.fclar.unesp.br\/ingles\/?page_id=1808"},"modified":"2025-07-02T16:25:38","modified_gmt":"2025-07-02T19:25:38","slug":"international-phonetic-alphabet","status":"publish","type":"page","link":"https:\/\/raple.fclar.unesp.br\/ingles\/international-phonetic-alphabet\/","title":{"rendered":"International Phonetic Alphabet (IPA)"},"content":{"rendered":"\n<p>Ao passar pelas nossas outras p\u00e1ginas do Projeto <strong>Ensino de Pron\u00fancia<\/strong>, voc\u00ea deve ter encontrado alguns s\u00edmbolos, que, caso n\u00e3o tenha tido contato com transcri\u00e7\u00f5es <strong>fon\u00e9ticas<\/strong> e\/ou <strong>fonol\u00f3gicas<\/strong>, possam ter te causado estranheza e confus\u00e3o. Pensando nisso, trataremos mais detidamente aqui do <em>International Phonetic Alphabet<\/em>, ou como \u00e9 mais conhecido, o <em>IPA<\/em>, a fim de dissipar algumas poss\u00edveis d\u00favidas.<\/p>\n\n\n\n<p>Como j\u00e1 conversado anteriormente, os sons, ainda que pare\u00e7am realiza\u00e7\u00f5es desordenadas e individuais de cada pessoa, s\u00e3o estudados sistematicamente pela Lingu\u00edstica, mais precisamente pelas \u00e1reas da <strong>Fon\u00e9tica <\/strong>e da <strong>Fonologia<\/strong>. Foi pensando nessas quest\u00f5es que, em 1886, o linguista franc\u00eas Paul Passy, em conjunto com o seu grupo, come\u00e7ou a desenvolver o <em>IPA<\/em>, objetivando a estrutura\u00e7\u00e3o dos principais sons encontrados nas l\u00ednguas naturais faladas e registradas ao redor do mundo. Foi apenas dois anos mais tarde, em 1888, que o projeto foi lan\u00e7ado em sua primeira vers\u00e3o, a qual recebeu constantes atualiza\u00e7\u00f5es e revis\u00f5es coordenadas pela <em>International Phonetic Association<\/em>, ao longo dos s\u00e9culos XX e XXI.<\/p>\n\n\n\n<p>Dessa maneira, o Alfabeto \u00e9 constitu\u00eddo por duas principais divis\u00f5es \u2013 <strong>os sons voc\u00e1licos e os consonantais <\/strong>\u2013, e pode ser encontrado em uma vers\u00e3o online e interativa (dispon\u00edvel no <a href=\"https:\/\/www.internationalphoneticassociation.org\/IPAcharts\/inter_chart_2018\/IPA_2018.html\">LINK<\/a>), em que os caracteres s\u00e3o clic\u00e1veis e d\u00e3o retorno sonoro. Abaixo, destacamos a disposi\u00e7\u00e3o geral do IPA na vers\u00e3o mais recente (2020):<\/p>\n\n\n\n<figure class=\"wp-block-image\"><img decoding=\"async\" src=\"https:\/\/lh7-rt.googleusercontent.com\/docsz\/AD_4nXdru3UBULjsti6HZ-JJJzcHEP2Ua6DneFmyGggFIclF_U2Zv8BQ13TZ7RAIlxLxvY2qlQiDd9uaHH0cNI6ux9w1C6MOq_AxbSxYHitFMYhqaypXH2_1JQpMdyCZzVSmryNFcCbK9A?key=tNS47RKQhAOJPXIkDWe7S2JO\" alt=\"\" \/><\/figure>\n\n\n\n<p><strong>Os sons voc\u00e1licos<\/strong><\/p>\n\n\n\n<p>A distribui\u00e7\u00e3o dos sons voc\u00e1licos, de acordo com a tabela do <em>IPA<\/em>, est\u00e1 submetida a tr\u00eas principais par\u00e2metros, considerando o momento de produ\u00e7\u00e3o dos determinados sons: abertura da boca (fechada, m\u00e9dia-fechada, m\u00e9dia-aberta e aberta), <strong>a posi\u00e7\u00e3o da l\u00edngua<\/strong> (anterior, central e posterior) e <strong>o arredondamento dos l\u00e1bios<\/strong> (arredondado e n\u00e3o-arredondado). Este \u00faltimo par\u00e2metro, no entanto, n\u00e3o \u00e9 geral e fica marcado pela posi\u00e7\u00e3o em que as vogais ocupam na tabela, estando, nos pares de sons, a vogal arredondada \u00e0 direita da n\u00e3o-arredondada. Portanto, no par \/ i \/ e \/ y \/, a vogal \/ y \/<strong> <\/strong>\u00e9 arredondada enquanto<strong> <\/strong>\/ i \/ \u00e9 n\u00e3o-arredondada.<\/p>\n\n\n\n<p>Assim, de modo geral, ao consultarmos a tabela, podemos ver que \/ a \/ \u00e9 uma vogal aberta, anterior e n\u00e3o-arredondada, enquanto \/ u \/ \u00e9 uma vogal fechada, posterior e arredondada.<\/p>\n\n\n<div class=\"wp-block-image\">\n<figure class=\"aligncenter is-resized\"><img decoding=\"async\" src=\"https:\/\/lh7-rt.googleusercontent.com\/docsz\/AD_4nXe9X0oe7zkKZDgiJYHmdPyp5nVuuIqFNwDOa04UtV3yxSQ4wJS03_TRlYxMy7HfcBbX7saM1-qPFiy7_tBJA4Od0NvmDT02e-p50ejL98wKCw3BDwhu7PszOVjhbqS373Bjnd_seA?key=tNS47RKQhAOJPXIkDWe7S2JO\" alt=\"\" style=\"width:422px;height:auto\" \/><\/figure>\n<\/div>\n\n\n<p><strong>Os sons consonantais<\/strong><\/p>\n\n\n\n<p>Por sua vez, os sons consonantais se apresentam em duas tabelas diferentes (as <strong>pulmonares<\/strong> e <strong>n\u00e3o-pulmonares<\/strong> \u2013 de acordo com o modo em que o ar sai em cada produ\u00e7\u00e3o). Desse modo, as <strong>pulmonares<\/strong> est\u00e3o dispostas mediante o <strong>lugar de articula\u00e7\u00e3o<\/strong> (bilabial, labiodental, dental, alveolar, postalveolar (ou alveopalatal), retroflexo, palatal, velar, uvular, far\u00edngea e glotal) e o<strong> modo<\/strong> em que se articulam (plosiva, nasal, <em>trill<\/em>, <em>tap<\/em> ou <em>flap<\/em>, fricativa, fricativa lateral, aproximante, aproximante lateral), conforme a tabela abaixo:<\/p>\n\n\n<div class=\"wp-block-image\">\n<figure class=\"aligncenter\"><img decoding=\"async\" src=\"https:\/\/lh7-rt.googleusercontent.com\/docsz\/AD_4nXdFdVavMH7KYUfFgrnvHAWsHr6ZNfLJhw-qwnVeT6gu6pcFa3Lb8mb3PGJMLRxY6SVUWXHlUXiagDB0G8WBfbFAwuaHWYjDZ0CH69uj0gV0xSbfx30cIhLsLhbWDX0HgR62L8YpZQ?key=tNS47RKQhAOJPXIkDWe7S2JO\" alt=\"\" \/><\/figure>\n<\/div>\n\n\n<p>J\u00e1 as<strong> n\u00e3o-pulmonares<\/strong> s\u00e3o separadas entre cliques, implosivas vozeadas e ejetivas, como ser\u00e1 poss\u00edvel observar posteriormente. Entretanto, para fins deste estudo, n\u00e3o discorreremos acerca de tais sons, uma vez que n\u00e3o s\u00e3o encontrados na l\u00edngua alvo (Ingl\u00eas).<\/p>\n\n\n<div class=\"wp-block-image\">\n<figure class=\"aligncenter\"><img decoding=\"async\" src=\"https:\/\/lh7-rt.googleusercontent.com\/docsz\/AD_4nXdn4BC5MhWzKr26wUf-Fsst6t1gsrZofJs5wambpDhhw7bvGYgKhfF8UUkpKwEu6-YPaOZcSgxG170QJJKVqQT8fOKpwLgfFTZZYci2X1ZQXDSiziG2B29YXkovSWC9-9H3dlpwew?key=tNS47RKQhAOJPXIkDWe7S2JO\" alt=\"\" \/><\/figure>\n<\/div>\n\n\n<p><strong>Os sons da l\u00edngua inglesa<\/strong><\/p>\n\n\n\n<p>O IPA, como mencionado anteriormente, \u00e9 um alfabeto fon\u00e9tico para o mundo todo, pois disponibiliza diversos sons que expressamos durante a nossa fala, em qualquer l\u00edngua que est\u00e1 sendo falada. Sendo assim, estes s\u00e3o alguns dos s\u00edmbolos que utilizamos para demonstrar os sons reproduzidos pelas falas da <strong>l\u00edngua inglesa<\/strong>:<\/p>\n\n\n\n<p><strong>Vogais: <\/strong><strong>i<\/strong><strong> <\/strong>(see), <strong>\u026a<\/strong><strong> <\/strong>(it), <strong>\u0251<\/strong><strong> <\/strong>(father), <strong>\u00e6<\/strong><strong> <\/strong>(cat), <strong>\u028c<\/strong><strong> <\/strong>(up), <strong>\u0254<\/strong><strong> <\/strong>(awful), <strong>o<\/strong><strong> <\/strong>(obey), <strong>u<\/strong><strong> <\/strong>(you), <strong>\u028a<\/strong><strong> <\/strong>(look), <strong>e<\/strong><strong> <\/strong>(day), <strong>\u0190<\/strong><strong> <\/strong>(wed), <strong>\u0259<\/strong><strong> <\/strong>(sofa), entre outros. Aqui est\u00e1 uma tabela que pode ajudar na compreens\u00e3o da produ\u00e7\u00e3o e pron\u00fancia das vogais:<\/p>\n\n\n<div class=\"wp-block-image\">\n<figure class=\"aligncenter\"><img decoding=\"async\" src=\"https:\/\/lh7-rt.googleusercontent.com\/docsz\/AD_4nXdki7pL4fNm2yPOX_Sa5MjySQB_l-Zb2KkUjNqrPu0zwdg-uJ19mXRq3EpyKVAQVJJn7XZQts7auAypkMwkfqsb4c31DvhPZcOpCzHwN8XuwN5pfAXRNiUb8ASGH1CnpvByFz-qUg?key=tNS47RKQhAOJPXIkDWe7S2JO\" alt=\"\" \/><\/figure>\n<\/div>\n\n\n<p><strong>Consoantes: <\/strong>Algumas consoantes aparecem da mesma forma que est\u00e3o em nosso alfabeto, por exemplo: <strong>p<\/strong>, <strong>b<\/strong>, <strong>f<\/strong>, e <strong>g<\/strong>. Entretanto, tamb\u00e9m podem aparecer da seguinte forma: <strong>\u03b8<\/strong> (thin),&nbsp; <strong>\u0283<\/strong> (she), <strong>\u0292<\/strong> (vision), <strong>t\u0283<\/strong> (choose), <strong>d\u0292 <\/strong>(George), <strong>\u014b<\/strong> (sing), <strong>\u00f0<\/strong> (thine), entre outros.<\/p>\n\n\n\n<p>A tabela a seguir nos ajuda, tamb\u00e9m, a identificar como e em qual local da boca devemos pronunciar alguns dos s\u00edmbolos apresentados acima.&nbsp;<\/p>\n\n\n<div class=\"wp-block-image\">\n<figure class=\"aligncenter\"><img decoding=\"async\" src=\"https:\/\/lh7-rt.googleusercontent.com\/docsz\/AD_4nXdubBluxS4HNtNjmLoqx1G0Mx1icccIJPFQJ9zG79WMcHNTfgJR1bqK-q0zO4l2r8dIZdEOgu3uff0fBTSFMMDz4Mt1qvda8EUGABJxFN9yt0s1qGm1YxUdK7R52asPjzfpCiGk4A?key=tNS47RKQhAOJPXIkDWe7S2JO\" alt=\"\" \/><\/figure>\n<\/div>\n\n\n<p>Para maiores detalhamentos em rela\u00e7\u00e3o a quais sons s\u00e3o poss\u00edveis de se encontrar no Ingl\u00eas, acesse esta pagina do site <a href=\"https:\/\/www.vocabulary.com\/resources\/ipa-pronunciation\/\">vocabulary.com<\/a>, onde ser\u00e1 poss\u00edvel encontrar \u00e1udios com as pron\u00fancias referentes aos s\u00edmbolos do <em>IPA chart<\/em>.<\/p>\n\n\n\n<p>Texto por <strong>Vitor Magalh\u00e3es Dias<\/strong>. <\/p>\n\n\n\n<p>Revisado por <strong>Laura Ferri Pulgatti<\/strong>.<\/p>\n\n\n\n<p>Imagens por <strong>Renato da Silva Caruzzo<\/strong>, <strong>Profa. Dra. Vivian N\u00e1dia Ribeiro de Moraes Caruzzo<\/strong> e <strong>IPA Creative Commons<\/strong>.<\/p>\n\n\n\n<p><\/p>\n\n\n\n<p><\/p>\n\n\n\n<p><\/p>\n","protected":false},"excerpt":{"rendered":"<p>Ao passar pelas nossas outras p\u00e1ginas do Projeto Ensino de Pron\u00fancia, voc\u00ea deve ter encontrado alguns s\u00edmbolos, que, caso n\u00e3o tenha tido contato com transcri\u00e7\u00f5es fon\u00e9ticas e\/ou fonol\u00f3gicas, possam ter te causado estranheza e confus\u00e3o. Pensando nisso, trataremos mais detidamente aqui do International Phonetic Alphabet, ou como \u00e9 mais conhecido, [&hellip;]<\/p>\n","protected":false},"author":19,"featured_media":0,"parent":0,"menu_order":0,"comment_status":"closed","ping_status":"closed","template":"","meta":{"_monsterinsights_skip_tracking":false,"_monsterinsights_sitenote_active":false,"_monsterinsights_sitenote_note":"","_monsterinsights_sitenote_category":0,"footnotes":""},"class_list":["post-1808","page","type-page","status-publish","hentry"],"_links":{"self":[{"href":"https:\/\/raple.fclar.unesp.br\/ingles\/wp-json\/wp\/v2\/pages\/1808","targetHints":{"allow":["GET"]}}],"collection":[{"href":"https:\/\/raple.fclar.unesp.br\/ingles\/wp-json\/wp\/v2\/pages"}],"about":[{"href":"https:\/\/raple.fclar.unesp.br\/ingles\/wp-json\/wp\/v2\/types\/page"}],"author":[{"embeddable":true,"href":"https:\/\/raple.fclar.unesp.br\/ingles\/wp-json\/wp\/v2\/users\/19"}],"replies":[{"embeddable":true,"href":"https:\/\/raple.fclar.unesp.br\/ingles\/wp-json\/wp\/v2\/comments?post=1808"}],"version-history":[{"count":2,"href":"https:\/\/raple.fclar.unesp.br\/ingles\/wp-json\/wp\/v2\/pages\/1808\/revisions"}],"predecessor-version":[{"id":1812,"href":"https:\/\/raple.fclar.unesp.br\/ingles\/wp-json\/wp\/v2\/pages\/1808\/revisions\/1812"}],"wp:attachment":[{"href":"https:\/\/raple.fclar.unesp.br\/ingles\/wp-json\/wp\/v2\/media?parent=1808"}],"curies":[{"name":"wp","href":"https:\/\/api.w.org\/{rel}","templated":true}]}}