{"id":1841,"date":"2025-07-02T17:15:51","date_gmt":"2025-07-02T20:15:51","guid":{"rendered":"https:\/\/raple.fclar.unesp.br\/ingles\/?page_id=1841"},"modified":"2025-07-02T17:23:31","modified_gmt":"2025-07-02T20:23:31","slug":"fonemas-p-e-b-o-que-tem-em-comum-e-como-podemos-ensina-los","status":"publish","type":"page","link":"https:\/\/raple.fclar.unesp.br\/ingles\/fonemas-p-e-b-o-que-tem-em-comum-e-como-podemos-ensina-los\/","title":{"rendered":"Fonemas \/p\/ e \/b\/: produ\u00e7\u00e3o e ensino"},"content":{"rendered":"\n<p class=\"has-text-align-left\">Neste texto, realizamos uma breve apresenta\u00e7\u00e3o dos sons consonantais \/ p \/ e \/ b \/, com o objetivo inicial de explorar, comparativamente, as formas como s\u00e3o articulados e como podem ser categorizados. Posteriormente, discutiremos algumas estrat\u00e9gias did\u00e1ticas que o professor de ingl\u00eas pode utilizar para abordar esses fonemas em sala de aula, priorizando, sobretudo, o est\u00edmulo da comunica\u00e7\u00e3o e fluidez das habilidades orais e de escuta de aprendizes.<\/p>\n\n\n\n<p class=\"has-text-align-left\"><strong>Caracter\u00edsticas ac\u00fasticas e articulat\u00f3rias dos sons<\/strong><\/p>\n\n\n\n<p class=\"has-text-align-left\">Assim, constatamos primeiramente que o som \/ p \/ \u00e9 caracterizado como <strong>plosivo<\/strong>, <strong>bilabial <\/strong>e<strong> desvozeado<\/strong>. Isto significa que para ser produzido, os l\u00e1bios devem iniciar completamente fechados e, em sequ\u00eancia, serem abertos rapidamente. Com esse movimento, o ar n\u00e3o vibrado pelas cordas vocais (desvozeado), que sai do pulm\u00e3o, realiza uma pequena explos\u00e3o (plosivo), de forma a executar o som. Em palavras como <em>pack <\/em>e <em>pipe<\/em>, ele aparece de forma clara.\u00a0<\/p>\n\n\n\n<p class=\"has-text-align-left\">Por outro lado, o som \/ b \/ \u00e9 um <strong>plosivo<\/strong> <strong>bilabial<\/strong> <strong>vozeado<\/strong>. A articula\u00e7\u00e3o inicial \u00e9 id\u00eantica \u00e0 do \/ p \/, com os l\u00e1bios se encontrando para bloquear o fluxo de ar. No entanto, durante sua produ\u00e7\u00e3o, as cordas vocais vibram, diferenciando-o de seu n\u00e3o vibrado (\/ p \/). Exemplos comuns incluem palavras como <em>bat <\/em>e <em>ball.\u00a0<\/em><\/p>\n\n\n\n<p class=\"has-text-align-left\">As categorias desses segmentos (\/ p \/ e \/ b \/) ocorrem dessa maneira em todas as l\u00ednguas as quais estes sons pertencem. Todavia, sua execu\u00e7\u00e3o na l\u00edngua inglesa \u00e9, em geral, mais marcada. Esse fen\u00f4meno, presente na execu\u00e7\u00e3o de \/ p \/ \u00e9 conhecido como \u201caspira\u00e7\u00e3o\u201d, que se d\u00e1 pela abund\u00e2ncia de ar comumente utilizada por falantes de ingl\u00eas. O som \/ b \/, assim como outras plosivas vozeadas,\u00a0 n\u00e3o \u00e9 aspirado como o \/ p \/ (n\u00e3o possui um excesso marcado de ar).<\/p>\n\n\n\n<p class=\"has-text-align-center\"><br><img decoding=\"async\" style=\"width: 500px\" src=\"https:\/\/lh7-rt.googleusercontent.com\/docsz\/AD_4nXeBF33oSpLtIudETVTtzyeHnUT2rVUTBgRKZVMGX5FC8aIZWuwNzkFEuhuqa60KTU1flBV1BYUiFhV5o2rF5NOmxLsqzN5Vs-SYzEeZv0w1YpxScQOD06s2ekJqA-ZNoaCTlpTg-A?key=HyMdlSV4taJNBUYq_IumaGoW\"><\/p>\n\n\n\n<p class=\"has-text-align-left\"><strong>Como ensin\u00e1-los?<\/strong><\/p>\n\n\n\n<p class=\"has-text-align-left\">Por serem produzidos na mesma regi\u00e3o da boca (ambos bilabiais), estes sons se assemelham, de maneira que, por vezes, podem comprometer a compreens\u00e3o oral de estudantes. Logo, realizar o \/ p \/ de forma marcada, com o excesso de ar comum entre os falantes do ingl\u00eas, pode ser uma estrat\u00e9gia, dentre outras (qualidade ac\u00fastica do ambiente, virtual ou presencial, e a velocidade do discurso, etc.) de distingui-los.<\/p>\n\n\n\n<p class=\"has-text-align-left\">Existem alguns procedimentos, significativos e comunicativos que podem ser empregados no momento de ensinar a pron\u00fancia desses fonemas e que v\u00e3o al\u00e9m de sua simples repeti\u00e7\u00e3o. O uso de<strong> pares m\u00ednimos (1)<\/strong>, como <em>pat vs. bat <\/em>ou <em>pear vs. bear<\/em>, podem auxiliar na percep\u00e7\u00e3o das diferen\u00e7as sutis entre os dois sons. <strong>Trava-l\u00ednguas (2)<\/strong> tornam o aprendizado mais din\u00e2mico, como em <em>Pass me the pepper please, Paul<\/em> ou <em>Barbara banged her elbow on the table<\/em>. Al\u00e9m disso, a inclus\u00e3o de <strong>m\u00fasicas e textos orais (3)<\/strong> proporciona uma pr\u00e1tica contextualizada e natural, refor\u00e7ando a pron\u00fancia desses sons em situa\u00e7\u00f5es aut\u00eanticas. Complementando essas atividades, <strong>representa\u00e7\u00f5es visuais (4)<\/strong>, como diagramas da boca e garganta, oferecem uma refer\u00eancia clara para a articula\u00e7\u00e3o correta desses sons.\u00a0<\/p>\n\n\n\n<p class=\"has-text-align-left\">Nas demais p\u00e1ginas do projeto voc\u00ea encontrar\u00e1 discuss\u00f5es similares a esta, discutindo outros aspectos e segmentos do ingl\u00eas. N\u00e3o perca!<\/p>\n\n\n\n<p class=\"has-text-align-left\"><strong>Refer\u00eancias<\/strong><\/p>\n\n\n\n<p class=\"has-text-align-left\">CARLEY, P.; MEES, I. <em>American English phonetics and pronunciation practice<\/em>. Routledge, 2019.<\/p>\n\n\n\n<p class=\"has-text-align-left\">CARLEY, P.; MEES, I. M. <em>English phonetics and pronunciation practice<\/em>. Routledge, 2017.<\/p>\n\n\n\n<p class=\"has-text-align-left\">CELCE-MURCIA, M. <em>et al.<\/em> <em>Teaching pronunciation:<\/em> A course book and reference guide. Cambridge University Press, 2010.<\/p>\n\n\n\n<p class=\"has-text-align-left\">Texto por <strong>Vitor Xavier Gon\u00e7alves<\/strong> e<strong> Laura Ferri Pulgatti<\/strong>.<\/p>\n\n\n\n<p>Revisado por <strong>Nat\u00e1lia Rosalen de Castro.<\/strong>Imagem por <strong>Renato da Silva Caruzzo<\/strong>.<\/p>\n","protected":false},"excerpt":{"rendered":"<p>Neste texto, realizamos uma breve apresenta\u00e7\u00e3o dos sons consonantais \/ p \/ e \/ b \/, com o objetivo inicial de explorar, comparativamente, as formas como s\u00e3o articulados e como podem ser categorizados. Posteriormente, discutiremos algumas estrat\u00e9gias did\u00e1ticas que o professor de ingl\u00eas pode utilizar para abordar esses fonemas em [&hellip;]<\/p>\n","protected":false},"author":19,"featured_media":0,"parent":0,"menu_order":0,"comment_status":"closed","ping_status":"closed","template":"","meta":{"_monsterinsights_skip_tracking":false,"_monsterinsights_sitenote_active":false,"_monsterinsights_sitenote_note":"","_monsterinsights_sitenote_category":0,"footnotes":""},"class_list":["post-1841","page","type-page","status-publish","hentry"],"_links":{"self":[{"href":"https:\/\/raple.fclar.unesp.br\/ingles\/wp-json\/wp\/v2\/pages\/1841","targetHints":{"allow":["GET"]}}],"collection":[{"href":"https:\/\/raple.fclar.unesp.br\/ingles\/wp-json\/wp\/v2\/pages"}],"about":[{"href":"https:\/\/raple.fclar.unesp.br\/ingles\/wp-json\/wp\/v2\/types\/page"}],"author":[{"embeddable":true,"href":"https:\/\/raple.fclar.unesp.br\/ingles\/wp-json\/wp\/v2\/users\/19"}],"replies":[{"embeddable":true,"href":"https:\/\/raple.fclar.unesp.br\/ingles\/wp-json\/wp\/v2\/comments?post=1841"}],"version-history":[{"count":2,"href":"https:\/\/raple.fclar.unesp.br\/ingles\/wp-json\/wp\/v2\/pages\/1841\/revisions"}],"predecessor-version":[{"id":1848,"href":"https:\/\/raple.fclar.unesp.br\/ingles\/wp-json\/wp\/v2\/pages\/1841\/revisions\/1848"}],"wp:attachment":[{"href":"https:\/\/raple.fclar.unesp.br\/ingles\/wp-json\/wp\/v2\/media?parent=1841"}],"curies":[{"name":"wp","href":"https:\/\/api.w.org\/{rel}","templated":true}]}}