{"id":316,"date":"2020-06-09T00:38:45","date_gmt":"2020-06-09T03:38:45","guid":{"rendered":"https:\/\/cel.fclar.unesp.br\/ingles\/?page_id=316"},"modified":"2025-05-21T10:40:37","modified_gmt":"2025-05-21T13:40:37","slug":"what-happened","status":"publish","type":"page","link":"https:\/\/raple.fclar.unesp.br\/ingles\/what-happened\/","title":{"rendered":"What Happened?"},"content":{"rendered":"\n<p class=\"has-text-align-left\"><strong>Autoria:<\/strong> Profa. L\u00edgia Ferreira da Silva Nobile<\/p>\n\n\n\n<p class=\"has-text-align-left\"><strong>N\u00edvel: <\/strong>A2<\/p>\n\n\n<div class=\"wp-block-image\">\n<figure class=\"aligncenter\"><img decoding=\"async\" src=\"https:\/\/lh5.googleusercontent.com\/hts2ZwWBjDwNDPDWONMIcz5TYim4z66U_4Uui6CNdBFiGswygZ_V724h7ExK1kD7-1DEPj67Ljf3O7iV_ZpYucclJT41IqU65Kgc5d1MYpqftHxTvepCMHfnf6Keo5ExILmawcSL\" alt=\"\" \/><\/figure>\n<\/div>\n\n\n<ol class=\"wp-block-list\">\n<li>Escreva na lousa o seguinte trecho: <em>\u201cLast night I was walking home next to the Black river, when something strange happened to me. It was late at night and I\u2019d had a long and difficult day at work. There was a large full moon in the sky, and everything was quiet. I was tired and lonely&#8230;&#8220;<\/em><\/li>\n\n\n\n<li>\u00a0Pe\u00e7a para que os alunos deem continuidade para hist\u00f3ria inserindo obrigatoriamente na ordem, e a partir da \u00faltima ora\u00e7\u00e3o da hist\u00f3ria, as palavras que voc\u00ea ditar. Somente os verbos podem ser conjugados.<\/li>\n<\/ol>\n\n\n\n<ul class=\"wp-block-list\">\n<li>\u00a0Sugest\u00e3o de palavras:<\/li>\n<\/ul>\n\n\n\n<p class=\"has-text-align-center\"><strong>&nbsp;MOTHER &#8211; BAG &#8211; APPLE &#8211; HOUSE &#8211; DRIVE &#8211; CHILD &#8211; FOOT<\/strong><\/p>\n\n\n\n<p>      3. &nbsp;Ao final da \u00faltima palavra pe\u00e7a para que cada aluno compartilhe a hist\u00f3ria final com a turma toda.<\/p>\n","protected":false},"excerpt":{"rendered":"<p>Autoria: Profa. L\u00edgia Ferreira da Silva Nobile N\u00edvel: A2 &nbsp;MOTHER &#8211; BAG &#8211; APPLE &#8211; HOUSE &#8211; DRIVE &#8211; CHILD &#8211; FOOT 3. &nbsp;Ao final da \u00faltima palavra pe\u00e7a para que cada aluno compartilhe a hist\u00f3ria final com a turma toda.<\/p>\n","protected":false},"author":2,"featured_media":0,"parent":0,"menu_order":0,"comment_status":"closed","ping_status":"closed","template":"","meta":{"_monsterinsights_skip_tracking":false,"_monsterinsights_sitenote_active":false,"_monsterinsights_sitenote_note":"","_monsterinsights_sitenote_category":0,"footnotes":""},"class_list":["post-316","page","type-page","status-publish","hentry"],"_links":{"self":[{"href":"https:\/\/raple.fclar.unesp.br\/ingles\/wp-json\/wp\/v2\/pages\/316","targetHints":{"allow":["GET"]}}],"collection":[{"href":"https:\/\/raple.fclar.unesp.br\/ingles\/wp-json\/wp\/v2\/pages"}],"about":[{"href":"https:\/\/raple.fclar.unesp.br\/ingles\/wp-json\/wp\/v2\/types\/page"}],"author":[{"embeddable":true,"href":"https:\/\/raple.fclar.unesp.br\/ingles\/wp-json\/wp\/v2\/users\/2"}],"replies":[{"embeddable":true,"href":"https:\/\/raple.fclar.unesp.br\/ingles\/wp-json\/wp\/v2\/comments?post=316"}],"version-history":[{"count":3,"href":"https:\/\/raple.fclar.unesp.br\/ingles\/wp-json\/wp\/v2\/pages\/316\/revisions"}],"predecessor-version":[{"id":1728,"href":"https:\/\/raple.fclar.unesp.br\/ingles\/wp-json\/wp\/v2\/pages\/316\/revisions\/1728"}],"wp:attachment":[{"href":"https:\/\/raple.fclar.unesp.br\/ingles\/wp-json\/wp\/v2\/media?parent=316"}],"curies":[{"name":"wp","href":"https:\/\/api.w.org\/{rel}","templated":true}]}}