{"id":341,"date":"2020-06-09T01:20:27","date_gmt":"2020-06-09T04:20:27","guid":{"rendered":"https:\/\/cel.fclar.unesp.br\/ingles\/?page_id=341"},"modified":"2025-03-18T16:30:09","modified_gmt":"2025-03-18T19:30:09","slug":"rock-metal","status":"publish","type":"page","link":"https:\/\/raple.fclar.unesp.br\/ingles\/rock-metal\/","title":{"rendered":"Rock \/ Metal"},"content":{"rendered":"<div class=\"wp-block-image\">\n<figure class=\"aligncenter size-large\"><img loading=\"lazy\" decoding=\"async\" width=\"1024\" height=\"85\" src=\"https:\/\/raple.fclar.unesp.br\/ingles\/wp-content\/uploads\/sites\/3\/2022\/05\/wide_rockmetal.png-1024x85.png\" alt=\"\" class=\"wp-image-1107\" srcset=\"https:\/\/raple.fclar.unesp.br\/ingles\/wp-content\/uploads\/sites\/3\/2022\/05\/wide_rockmetal.png-1024x85.png 1024w, https:\/\/raple.fclar.unesp.br\/ingles\/wp-content\/uploads\/sites\/3\/2022\/05\/wide_rockmetal.png-300x25.png 300w, https:\/\/raple.fclar.unesp.br\/ingles\/wp-content\/uploads\/sites\/3\/2022\/05\/wide_rockmetal.png-768x64.png 768w, https:\/\/raple.fclar.unesp.br\/ingles\/wp-content\/uploads\/sites\/3\/2022\/05\/wide_rockmetal.png.png 1080w\" sizes=\"auto, (max-width: 1024px) 100vw, 1024px\" \/><\/figure>\n<\/div>\n\n\n<hr class=\"wp-block-separator has-css-opacity\" \/>\n\n\n\n<p><strong><a href=\"https:\/\/youtu.be\/Bgeqw7s00xg\" target=\"_blank\" rel=\"noreferrer noopener\">Everything<\/a><\/strong> &#8211; Alanis Morissette<\/p>\n\n\n\n<p><em>\u201cEverything\u201d<\/em>, cantada por Alanis Morissete, \u00e9 uma m\u00fasica rom\u00e2ntica que, al\u00e9m de funcionar como um excelente material para o Valentine\u2019s Day, pode ser utilizada para abordar temas como a rotina (presente simples), adjetivos (gorgeous, positive, etc.) e opostos (dark x light, etc.).&nbsp;<\/p>\n\n\n\n<p><strong><a href=\"https:\/\/youtu.be\/CUjIY_XxF1g\" target=\"_blank\" rel=\"noreferrer noopener\">Hand In My Pocket<\/a><\/strong> &#8211; Alanis Morissette<\/p>\n\n\n\n<p><em>Hand in My Pocket<\/em>, can\u00e7\u00e3o interpretada por Alanis Morissete, retrata as contradi\u00e7\u00f5es di\u00e1rias, como as pessoas estarem cansadas e continuarem trabalhando, sobrecarregadas, mas s\u00e3s, etc. Esse \u00e9 um material ideal para explorar diferentes adjetivos.<\/p>\n\n\n\n<p><strong><a href=\"https:\/\/youtu.be\/vx2u5uUu3DE\" target=\"_blank\" rel=\"noreferrer noopener\">It\u2019s my life<\/a><\/strong> &#8211; Bon Jovi<\/p>\n\n\n\n<p><em>It\u2019s my life<\/em>, can\u00e7\u00e3o interpretada por Bon Jovi, volta-se \u00e0s formas de viver que escolhemos. Al\u00e9m do trabalho com artigos, discuss\u00f5es voltadas \u00e0s diferentes decis\u00f5es sobre a vida podem ser realizadas por meio deste recurso.<\/p>\n\n\n\n<p><strong><a href=\"https:\/\/youtu.be\/srwxJUXPHvE\" target=\"_blank\" rel=\"noreferrer noopener\">Can\u2019t Buy Me Love<\/a><\/strong> &#8211; The Beatles<\/p>\n\n\n\n<p>A can\u00e7\u00e3o <em>Can\u2019t Buy<\/em><strong><em> <\/em><\/strong><em>Me Love,<\/em> interpretada por&nbsp; The Beatles, \u00e9 um recurso ideal para discutir o materialismo. Ademais, objetivos lingu\u00edsticos como o First Conditional podem ser explorados a partir deste material.<\/p>\n\n\n\n<p><strong><a href=\"https:\/\/youtu.be\/CJd82T1_o1A\" target=\"_blank\" rel=\"noreferrer noopener\">Waiting On A War<\/a>&nbsp; &#8211; <\/strong>Foo Fighters<\/p>\n\n\n\n<p>Interpretada por Foo Fighters, <em>Waiting On a War <\/em>\u00e9 um material ideal para explorar tem\u00e1ticas como terrorismo,&nbsp; guerra, etc.&nbsp;<\/p>\n\n\n<div class=\"wp-block-image\">\n<figure class=\"aligncenter\"><img decoding=\"async\" src=\"https:\/\/cel.fclar.unesp.br\/ingles\/wp-content\/uploads\/sites\/3\/2020\/05\/palmas-e1588188631525.png\" alt=\"\" \/><\/figure>\n<\/div>\n\n\n<p class=\"has-text-align-center\">Contribui\u00e7\u00e3o das m\u00fasicas e indica\u00e7\u00f5es did\u00e1ticas por <strong>Marina de Paulo Nascimento<\/strong> e <strong>Giovanna Palauro Silva<\/strong><\/p>\n\n\n\n<p><strong><a href=\"https:\/\/youtu.be\/vOXZkm9p_zY?si=jSgNQHivowi6aCP3\">Birds<\/a> &#8211; Imagine Dragons (3:39)<\/strong><\/p>\n\n\n\n<p>A can\u00e7\u00e3o \u201cBirds\u201d do grupo Imagine Dragons usa a met\u00e1fora dos p\u00e1ssaros para explorar temas como o ciclo da vida, o crescimento pessoal e a transitoriedade das coisas. \u00c9 poss\u00edvel trabalhar a natureza por meio do vocabul\u00e1rio, al\u00e9m disso, a letra faz uso de express\u00f5es como &#8220;Livin&#8217; the dream&#8221;, &#8220;Changin&#8217; the seasons&#8221;, \u201cWatchin\u2019 the leaves\u201d, dessa forma, a m\u00fasica se mostra um material aut\u00eantico para trabalhar o tempo verbal Present Continuous.<\/p>\n\n\n\n<p class=\"has-text-align-center\"><br>Contribui\u00e7\u00e3o por <strong>Laura Ferri Pulgatti<\/strong><\/p>\n\n\n\n<p><strong><a href=\"https:\/\/www.youtube.com\/watch?v=mzJj5-lubeM\" target=\"_blank\" rel=\"noopener\" title=\"Scar Tissue\">Scar Tissue<\/a><\/strong> \u2013 Red Hot Chilli Peppers <\/p>\n\n\n\n<p>A can\u00e7\u00e3o Scar Tissue retrata as dores e cicatrizes que carregamos conosco e que n\u00e3o compartilhamos com as outras pessoas. \u00c9 um \u00f3timo tema para se abordar com alunos de n\u00edvel intermedi\u00e1rio, para fomentar discuss\u00f5es e, caso estejam passando por algum problema ou dificuldade, incentivar a comunica\u00e7\u00e3o. <\/p>\n\n\n\n<p class=\"has-text-align-center\">Contribui\u00e7\u00e3o por <strong>Vin\u00edcius de Freitas Azola<\/strong><\/p>\n\n\n\n<p><a href=\"https:\/\/youtu.be\/XfR9iY5y94s?si=3GK48H2_WecQOqG4\" target=\"_blank\" rel=\"noreferrer noopener\"><strong>Down Under &#8211; Men At Work<\/strong><\/a><strong> <\/strong><\/p>\n\n\n\n<p>Sucesso produzido pela banda australiana Men At Work, Down Under faz refer\u00eancia \u00e0 Austr\u00e1lia e seus costumes, com a inten\u00e7\u00e3o de capturar a ess\u00eancia do pa\u00eds. Os versos falam sobre uma jornada pela \u201cterra l\u00e1 de baixo\u201d, trazendo \u00e0 tona humor sobre os estere\u00f3tipos criados em cima do povo australiano, al\u00e9m dos costumes e das express\u00f5es lingu\u00edsticas utilizadas por eles no cotidiano. Pode ser utilizada em uma aula para comparar os diferentes sotaques e express\u00f5es utilizadas nos pa\u00edses falantes de l\u00edngua inglesa. Al\u00e9m dos aspectos lingu\u00edsticos, a can\u00e7\u00e3o pode tamb\u00e9m ser aproveitada para discuss\u00f5es sobre preconceito e estere\u00f3tipos, contribuindo para repensar a multiplicidade cultural em diferentes pa\u00edses angl\u00f3fonos.<\/p>\n\n\n\n<p><strong>TAGS: <\/strong>Austr\u00e1lia, diversidade cultural, lingu\u00edstica, sotaque<\/p>\n\n\n\n<p class=\"has-text-align-center\">Contribui\u00e7\u00e3o por <strong>Maria Eduarda Capobianco<\/strong><\/p>\n","protected":false},"excerpt":{"rendered":"<p>Everything &#8211; Alanis Morissette \u201cEverything\u201d, cantada por Alanis Morissete, \u00e9 uma m\u00fasica rom\u00e2ntica que, al\u00e9m de funcionar como um excelente material para o Valentine\u2019s Day, pode ser utilizada para abordar temas como a rotina (presente simples), adjetivos (gorgeous, positive, etc.) e opostos (dark x light, etc.).&nbsp; Hand In My Pocket [&hellip;]<\/p>\n","protected":false},"author":2,"featured_media":1130,"parent":0,"menu_order":0,"comment_status":"closed","ping_status":"closed","template":"","meta":{"_monsterinsights_skip_tracking":false,"_monsterinsights_sitenote_active":false,"_monsterinsights_sitenote_note":"","_monsterinsights_sitenote_category":0,"footnotes":""},"class_list":["post-341","page","type-page","status-publish","has-post-thumbnail","hentry"],"_links":{"self":[{"href":"https:\/\/raple.fclar.unesp.br\/ingles\/wp-json\/wp\/v2\/pages\/341","targetHints":{"allow":["GET"]}}],"collection":[{"href":"https:\/\/raple.fclar.unesp.br\/ingles\/wp-json\/wp\/v2\/pages"}],"about":[{"href":"https:\/\/raple.fclar.unesp.br\/ingles\/wp-json\/wp\/v2\/types\/page"}],"author":[{"embeddable":true,"href":"https:\/\/raple.fclar.unesp.br\/ingles\/wp-json\/wp\/v2\/users\/2"}],"replies":[{"embeddable":true,"href":"https:\/\/raple.fclar.unesp.br\/ingles\/wp-json\/wp\/v2\/comments?post=341"}],"version-history":[{"count":13,"href":"https:\/\/raple.fclar.unesp.br\/ingles\/wp-json\/wp\/v2\/pages\/341\/revisions"}],"predecessor-version":[{"id":1675,"href":"https:\/\/raple.fclar.unesp.br\/ingles\/wp-json\/wp\/v2\/pages\/341\/revisions\/1675"}],"wp:featuredmedia":[{"embeddable":true,"href":"https:\/\/raple.fclar.unesp.br\/ingles\/wp-json\/wp\/v2\/media\/1130"}],"wp:attachment":[{"href":"https:\/\/raple.fclar.unesp.br\/ingles\/wp-json\/wp\/v2\/media?parent=341"}],"curies":[{"name":"wp","href":"https:\/\/api.w.org\/{rel}","templated":true}]}}