{"id":417,"date":"2020-06-16T15:23:51","date_gmt":"2020-06-16T18:23:51","guid":{"rendered":"https:\/\/cel.fclar.unesp.br\/ingles\/?page_id=417"},"modified":"2022-08-03T14:57:38","modified_gmt":"2022-08-03T17:57:38","slug":"in-the-news","status":"publish","type":"page","link":"https:\/\/raple.fclar.unesp.br\/ingles\/in-the-news\/","title":{"rendered":"Criando uma narrativa"},"content":{"rendered":"\n<p><strong>Autoria: Profa. Mariana Zeferino<\/strong><\/p>\n\n\n\n<p><strong>N\u00edvel: B1<\/strong><\/p>\n\n\n\n<div class=\"wp-block-image\"><figure class=\"aligncenter\"><img decoding=\"async\" src=\"https:\/\/lh4.googleusercontent.com\/CIK3Hh47MsnafjLmQnT1s0JC4GOtCN2bv_reVrgcv3Ax4qOnx7r3oHDiRJn4m_2X1eyNAo__psXcZLz6P6eiY59ATlmcPD8I5zB27Yy2xb-I2Ys9Eao1EuWBxAJ9v-lO_Yp2e_Lr\" alt=\"\" \/><\/figure><\/div>\n\n\n\n<ol class=\"wp-block-list\"><li>A princ\u00edpio, pergunte aos alunos se eles j\u00e1 tiveram alguma experi\u00eancia (ou um sonho) estranha, ou se j\u00e1 leram ou ouviram algo que lhes causou estranhamento. Voc\u00ea pode, por exemplo, contar algo que aconteceu com voc\u00eas para motiv\u00e1-los<\/li><li>Se poss\u00edvel, divida a classe em pares. Apresente \u00e0 classe duas manchetes, e pe\u00e7a a eles para que as leiam. Pergunte a eles se j\u00e1 ouviram essa not\u00edcia antes. Em caso de d\u00favidas de vocabul\u00e1rio, esclare\u00e7a-as antes do in\u00edcio da atividade.&nbsp;<\/li><li>Em seguida, diga aos alunos que, em duplas, eles ter\u00e3o que escolher uma manchete e tentar adivinhar o que aconteceu, criando uma pequena narrativa que se encaixe com a manchete que eles escolheram. (Sugest\u00f5es de manchetes: <a href=\"https:\/\/www.npr.org\/2019\/08\/05\/748263576\/brazilian-drug-trafficker-tries-to-escape-prison-disguised-as-his-daughter\">https:\/\/www.npr.org\/2019\/08\/05\/748263576\/brazilian-drug-trafficker-tries-to-escape-prison-disguised-as-his-daughter<\/a>; <a href=\"https:\/\/www.upi.com\/Odd_News\/2019\/08\/22\/Mistake-at-the-store-doubles-womans-lottery-prize-to-14-million\/6211566496452\/\">https:\/\/www.upi.com\/Odd_News\/2019\/08\/22\/Mistake-at-the-store-doubles-womans-lottery-prize-to-14-million\/6211566496452\/<\/a>)<\/li><li>Assim, cada dupla ter\u00e1 a oportunidade de contar para a sala, como se fossem \u00e2ncoras de um jornal de televis\u00e3o, o que aconteceu, levando em conta:<\/li><\/ol>\n\n\n\n<ul class=\"wp-block-list\"><li>O que aconteceu<\/li><li>Quando aconteceu<\/li><li>Quem estava envolvido<\/li><li>Por que isso aconteceu<\/li><li>Qual foi a conclus\u00e3o<\/li><\/ul>\n\n\n\n<ol class=\"wp-block-list\"><li>Por fim, ap\u00f3s a apresenta\u00e7\u00e3o dos alunos, apresente o slide com dois pequenos textos que resumem ambas as manchetes. Aponte para a ordem dos fatos e para as formas verbais utilizadas na narrativa.<\/li><\/ol>\n\n\n\n<p><\/p>\n","protected":false},"excerpt":{"rendered":"<p>Autoria: Profa. Mariana Zeferino N\u00edvel: B1 A princ\u00edpio, pergunte aos alunos se eles j\u00e1 tiveram alguma experi\u00eancia (ou um sonho) estranha, ou se j\u00e1 leram ou ouviram algo que lhes causou estranhamento. Voc\u00ea pode, por exemplo, contar algo que aconteceu com voc\u00eas para motiv\u00e1-los Se poss\u00edvel, divida a classe em [&hellip;]<\/p>\n","protected":false},"author":2,"featured_media":1181,"parent":0,"menu_order":0,"comment_status":"closed","ping_status":"closed","template":"","meta":{"_monsterinsights_skip_tracking":false,"_monsterinsights_sitenote_active":false,"_monsterinsights_sitenote_note":"","_monsterinsights_sitenote_category":0,"footnotes":""},"class_list":["post-417","page","type-page","status-publish","has-post-thumbnail","hentry"],"_links":{"self":[{"href":"https:\/\/raple.fclar.unesp.br\/ingles\/wp-json\/wp\/v2\/pages\/417","targetHints":{"allow":["GET"]}}],"collection":[{"href":"https:\/\/raple.fclar.unesp.br\/ingles\/wp-json\/wp\/v2\/pages"}],"about":[{"href":"https:\/\/raple.fclar.unesp.br\/ingles\/wp-json\/wp\/v2\/types\/page"}],"author":[{"embeddable":true,"href":"https:\/\/raple.fclar.unesp.br\/ingles\/wp-json\/wp\/v2\/users\/2"}],"replies":[{"embeddable":true,"href":"https:\/\/raple.fclar.unesp.br\/ingles\/wp-json\/wp\/v2\/comments?post=417"}],"version-history":[{"count":2,"href":"https:\/\/raple.fclar.unesp.br\/ingles\/wp-json\/wp\/v2\/pages\/417\/revisions"}],"predecessor-version":[{"id":1176,"href":"https:\/\/raple.fclar.unesp.br\/ingles\/wp-json\/wp\/v2\/pages\/417\/revisions\/1176"}],"wp:featuredmedia":[{"embeddable":true,"href":"https:\/\/raple.fclar.unesp.br\/ingles\/wp-json\/wp\/v2\/media\/1181"}],"wp:attachment":[{"href":"https:\/\/raple.fclar.unesp.br\/ingles\/wp-json\/wp\/v2\/media?parent=417"}],"curies":[{"name":"wp","href":"https:\/\/api.w.org\/{rel}","templated":true}]}}