{"id":453,"date":"2020-06-18T15:28:17","date_gmt":"2020-06-18T18:28:17","guid":{"rendered":"https:\/\/cel.fclar.unesp.br\/ingles\/?page_id=453"},"modified":"2022-08-03T14:58:48","modified_gmt":"2022-08-03T17:58:48","slug":"riddle-me-this","status":"publish","type":"page","link":"https:\/\/raple.fclar.unesp.br\/ingles\/riddle-me-this\/","title":{"rendered":"Adivinhando charadas"},"content":{"rendered":"\n<p><strong>Autoria: Profa. <\/strong>V\u00edvian N\u00e1dia Ribeiro de Moraes Caruzzo <\/p>\n\n\n\n<div class=\"wp-block-image\"><figure class=\"aligncenter\"><img decoding=\"async\" src=\"https:\/\/lh5.googleusercontent.com\/RGbIqAHXERlW7LkW57g6OQRbdWAqczeiymFwn6NZioq-T7j5L41XMNUrO8XEaVAahWbWpKzOLSVaZ8Ds2RlTNLzffGF9-ujnq2ZT7_s9kKh9iaJJSQ9oSELCIHSahiz6cz7AD3uP\" alt=\"\" \/><\/figure><\/div>\n\n\n\n<p>Professor(a) escolhe um dos v\u00eddeos do canal \u201cRiddle me this!\u201d  e o assiste com a turma, antes que o video mostre a resposta (em 0\u2019:41\u2019\u2019, por exemplo), <strong>os alunos devem tentar adivinhar o enigma usando a l\u00edngua alvo.<\/strong> <\/p>\n\n\n\n<figure class=\"wp-block-embed aligncenter is-type-video is-provider-youtube wp-block-embed-youtube wp-embed-aspect-4-3 wp-has-aspect-ratio\"><div class=\"wp-block-embed__wrapper\">\n<iframe loading=\"lazy\" title=\"THIS IS HOW YOU ESCAPE DEATH ROW \u2502 S01E01 \u2502 RIDDLE ME THIS\" width=\"750\" height=\"563\" src=\"https:\/\/www.youtube.com\/embed\/NlCOM7d7qvA?feature=oembed\" frameborder=\"0\" allow=\"accelerometer; autoplay; clipboard-write; encrypted-media; gyroscope; picture-in-picture\" allowfullscreen><\/iframe>\n<\/div><\/figure>\n\n\n\n<p><br><\/p>\n","protected":false},"excerpt":{"rendered":"<p>Autoria: Profa. V\u00edvian N\u00e1dia Ribeiro de Moraes Caruzzo Professor(a) escolhe um dos v\u00eddeos do canal \u201cRiddle me this!\u201d e o assiste com a turma, antes que o video mostre a resposta (em 0\u2019:41\u2019\u2019, por exemplo), os alunos devem tentar adivinhar o enigma usando a l\u00edngua alvo.<\/p>\n","protected":false},"author":2,"featured_media":1181,"parent":0,"menu_order":0,"comment_status":"closed","ping_status":"closed","template":"","meta":{"_monsterinsights_skip_tracking":false,"_monsterinsights_sitenote_active":false,"_monsterinsights_sitenote_note":"","_monsterinsights_sitenote_category":0,"footnotes":""},"class_list":["post-453","page","type-page","status-publish","has-post-thumbnail","hentry"],"_links":{"self":[{"href":"https:\/\/raple.fclar.unesp.br\/ingles\/wp-json\/wp\/v2\/pages\/453","targetHints":{"allow":["GET"]}}],"collection":[{"href":"https:\/\/raple.fclar.unesp.br\/ingles\/wp-json\/wp\/v2\/pages"}],"about":[{"href":"https:\/\/raple.fclar.unesp.br\/ingles\/wp-json\/wp\/v2\/types\/page"}],"author":[{"embeddable":true,"href":"https:\/\/raple.fclar.unesp.br\/ingles\/wp-json\/wp\/v2\/users\/2"}],"replies":[{"embeddable":true,"href":"https:\/\/raple.fclar.unesp.br\/ingles\/wp-json\/wp\/v2\/comments?post=453"}],"version-history":[{"count":2,"href":"https:\/\/raple.fclar.unesp.br\/ingles\/wp-json\/wp\/v2\/pages\/453\/revisions"}],"predecessor-version":[{"id":1179,"href":"https:\/\/raple.fclar.unesp.br\/ingles\/wp-json\/wp\/v2\/pages\/453\/revisions\/1179"}],"wp:featuredmedia":[{"embeddable":true,"href":"https:\/\/raple.fclar.unesp.br\/ingles\/wp-json\/wp\/v2\/media\/1181"}],"wp:attachment":[{"href":"https:\/\/raple.fclar.unesp.br\/ingles\/wp-json\/wp\/v2\/media?parent=453"}],"curies":[{"name":"wp","href":"https:\/\/api.w.org\/{rel}","templated":true}]}}