{"id":519,"date":"2020-07-09T18:45:32","date_gmt":"2020-07-09T21:45:32","guid":{"rendered":"https:\/\/cel.fclar.unesp.br\/ingles\/?page_id=519"},"modified":"2021-10-25T16:57:40","modified_gmt":"2021-10-25T19:57:40","slug":"podcasts","status":"publish","type":"page","link":"https:\/\/raple.fclar.unesp.br\/ingles\/podcasts\/","title":{"rendered":"Podcasts"},"content":{"rendered":"\n<div class=\"wp-block-image\"><figure class=\"aligncenter\"><img loading=\"lazy\" decoding=\"async\" width=\"337\" height=\"224\" src=\"https:\/\/cel.fclar.unesp.br\/ingles\/wp-content\/uploads\/sites\/3\/2020\/07\/GRAVA\u00c7\u00d5ES-BRASILEIRAS-EM-INGL\u00caS.png\" alt=\"\" class=\"wp-image-524\" srcset=\"https:\/\/raple.fclar.unesp.br\/ingles\/wp-content\/uploads\/sites\/3\/2020\/07\/GRAVA\u00c7\u00d5ES-BRASILEIRAS-EM-INGL\u00caS.png 337w, https:\/\/raple.fclar.unesp.br\/ingles\/wp-content\/uploads\/sites\/3\/2020\/07\/GRAVA\u00c7\u00d5ES-BRASILEIRAS-EM-INGL\u00caS-300x199.png 300w\" sizes=\"auto, (max-width: 337px) 100vw, 337px\" \/><\/figure><\/div>\n\n\n\n<ul class=\"wp-block-list\"><li><strong>Fluency Fix&#8217;s Beginner English<\/strong> &#8211;  <strong>Contribui\u00e7\u00e3o: Profa.&nbsp;<\/strong> Sara Veloso Lara <\/li><\/ul>\n\n\n\n<p>N\u00edvel: A2<\/p>\n\n\n\n<figure class=\"wp-block-embed is-type-rich is-provider-spotify wp-block-embed-spotify wp-embed-aspect-21-9 wp-has-aspect-ratio\"><div class=\"wp-block-embed__wrapper\">\n<iframe loading=\"lazy\" title=\"Spotify Embed: 25. Can you tell me when we get there?\" width=\"100%\" height=\"152\" frameborder=\"0\" allowfullscreen allow=\"autoplay; clipboard-write; encrypted-media; fullscreen; picture-in-picture\" src=\"https:\/\/open.spotify.com\/embed\/episode\/4XDEQO5gDb5TLuTsFFOenF?si=VlUt-2f1TcWsb3vynPNPVA&#038;utm_source=oembed\"><\/iframe>\n<\/div><\/figure>\n\n\n\n<ul class=\"wp-block-list\"><li><strong>Global News Podcast &#8211; <\/strong> <strong>Contribui\u00e7\u00e3o: Profa.&nbsp;<\/strong> Sara Veloso Lara  <\/li><\/ul>\n\n\n\n<p>N\u00edvel: C1<\/p>\n\n\n\n<figure class=\"wp-block-embed is-type-rich is-provider-spotify wp-block-embed-spotify wp-embed-aspect-21-9 wp-has-aspect-ratio\"><div class=\"wp-block-embed__wrapper\">\n<iframe loading=\"lazy\" title=\"Spotify Embed: Global News Podcast\" width=\"100%\" height=\"152\" frameborder=\"0\" allowfullscreen allow=\"autoplay; clipboard-write; encrypted-media; fullscreen; picture-in-picture\" src=\"https:\/\/open.spotify.com\/embed\/show\/3wBfqov60qDZbEVjPHo0a8?si=RrNz1EZfRwGnVMABsgYEQw&#038;utm_source=oembed\"><\/iframe>\n<\/div><\/figure>\n\n\n\n<ul class=\"wp-block-list\"><li><strong>Ingl\u00eas na Viagem!! &#8211;  Contribui\u00e7\u00e3o: <\/strong>Marina de Paulo<\/li><\/ul>\n\n\n\n<p>Ingl\u00eas na viagem \u00e9 um podcast que discute a comunica\u00e7\u00e3o em ingl\u00eas em situa\u00e7\u00f5es de turismo. Por ser um material descritivo, baseado em tradu\u00e7\u00e3o, ele \u00e9 indicado para revis\u00f5es de temas j\u00e1 trabalhados e\/ou para pessoas que j\u00e1 tenham conhecimento da l\u00edngua inglesa e estejam indo viajar. * Neste epis\u00f3dio, s\u00e3o explicadas quest\u00f5es relativas a compras.<\/p>\n\n\n\n<p>N\u00edvel: A1 e A2<\/p>\n\n\n\n<p><a href=\"https:\/\/open.spotify.com\/episode\/5AElJ7j2uQHTR6dmSj8Qhu?si=5udYUCupRceoHYXH7zaIdQ&amp;dl_branch=1\">https:\/\/open.spotify.com\/episode\/5AElJ7j2uQHTR6dmSj8Qhu?si=5udYUCupRceoHYXH7zaIdQ&amp;dl_branch=1<\/a><\/p>\n\n\n\n<ul class=\"wp-block-list\"><li><strong>Renegades: Born in the USA  &#8211; <\/strong> <strong>Contribui\u00e7\u00e3o: <\/strong> Marina de Paulo<\/li><\/ul>\n\n\n\n<p>Estrelado pelo ex-presidente Barack Obama e o cantor Bruce Springsteen, Renegades \u00e9 um podcast voltado \u00e0 discuss\u00e3o de diferentes t\u00f3picos que perpassam a\/s cultura\/as americanas\/as: ra\u00e7a, m\u00fasica, dinheiro, masculinidade, etc. Este \u00e9 um material ideal para trabalhar com projetos interculturais: compara\u00e7\u00f5es entre os Estados Unidos e o Brasil e viv\u00eancias de seus cidad\u00e3os, podendo ser realizadas atividades como: transporta\u00e7\u00e3o de g\u00eaneros ou a realiza\u00e7\u00e3o de um novo podcast.<strong> <\/strong>Neste epis\u00f3dio, Obama e Springsteen descrevem o come\u00e7o de sua amizade e discutem temas como o racismo e o sentimento de perten\u00e7a.<\/p>\n\n\n\n<p>N\u00edvel: C1 e C2.<\/p>\n\n\n\n<figure class=\"wp-block-embed is-type-rich is-provider-spotify wp-block-embed-spotify wp-embed-aspect-21-9 wp-has-aspect-ratio\"><div class=\"wp-block-embed__wrapper\">\n<iframe loading=\"lazy\" title=\"Spotify Embed: Renegades: Born in the USA Trailer\" width=\"100%\" height=\"152\" frameborder=\"0\" allowfullscreen allow=\"autoplay; clipboard-write; encrypted-media; fullscreen; picture-in-picture\" src=\"https:\/\/open.spotify.com\/embed\/episode\/1ZI5LZmuEYSW19pFN6mjaC?si=26d530621c8945fa&#038;utm_source=oembed\"><\/iframe>\n<\/div><\/figure>\n\n\n\n<ul class=\"wp-block-list\"><li><strong>Modern Love  &#8211; <\/strong> <strong>Contribui\u00e7\u00e3o: <\/strong> Marina de Paulo<\/li><\/ul>\n\n\n\n<p><em>Modern Love<\/em> \u00e9 um podcast ligado \u00e0 coluna hom\u00f4nima do The New York Times. Nesta se\u00e7\u00e3o, s\u00e3o publicadas hist\u00f3rias de amor, muitas vezes, mais complexas que as cinematogr\u00e1ficas. Os epis\u00f3dios desse podcast trazem hist\u00f3rias que instigam a curiosidade e podem ser utilizadas para: continua\u00e7\u00e3o da narrativa, debates e\/ou adivinha\u00e7\u00f5es sobre os desfechos. Neste epis\u00f3dio, dois casos amorosos perpassados por fronteiras s\u00e3o relatados sob a perspectiva da ansiedade que as imposi\u00e7\u00f5es territoriais imp\u00f5em.<\/p>\n\n\n\n<p>N\u00edvel: &nbsp;Do B1 at\u00e9 ao C2, mas o B1 demandar\u00e1 maior acompanhamento docente.<\/p>\n\n\n\n<figure class=\"wp-block-embed is-type-rich is-provider-spotify wp-block-embed-spotify wp-embed-aspect-21-9 wp-has-aspect-ratio\"><div class=\"wp-block-embed__wrapper\">\n<iframe loading=\"lazy\" title=\"Spotify Embed: Modern Love\" width=\"100%\" height=\"152\" frameborder=\"0\" allowfullscreen allow=\"autoplay; clipboard-write; encrypted-media; fullscreen; picture-in-picture\" src=\"https:\/\/open.spotify.com\/embed\/show\/03Er7mSPq9IEewOgbPD3vO?si=1xL3LRq_S4emxXhsma3eRA&#038;dl_branch=1&#038;utm_source=oembed\"><\/iframe>\n<\/div><\/figure>\n\n\n\n<ul class=\"wp-block-list\"><li><strong>Roda Viva &#8211; Chimamanda Ngozi Adichie&nbsp;&#8211;<\/strong> <strong>Contribui\u00e7\u00e3o:<\/strong> Marina de Paulo<\/li><\/ul>\n\n\n\n<p>O podcast Roda Viva reproduz o programa hom\u00f4nimo da TV Cultura. Reconhecido por suas entrevistas e debates, o Roda Vida se configura pela jun\u00e7\u00e3o entre entrevistados e entrevistadores com posicionamentos diversos. Al\u00e9m de dialogar com brasileiros\/as not\u00f3rios\/as, o programa tamb\u00e9m traz convidados\/as de outras nacionalidades que, geralmente, interagem em ingl\u00eas. Como as perguntas s\u00e3o realizadas em portugu\u00eas, esse material \u00e9 vi\u00e1vel para exerc\u00edcios com alternativas pr\u00e9vias, pois o alunado ter\u00e1 uma expectativa inicial sobre as respostas. <strong> <\/strong>Neste epis\u00f3dio, a entrevista \u00e9 com Chimamanda Ngozi Adichie, uma escritora e acad\u00eamica considerada como um \u00edcone do feminismo no mundo. Nessa conversa, s\u00e3o debatidas quest\u00f5es relativas ao feminismo e ao machismo.<\/p>\n\n\n\n<p><strong>N\u00edvel: <\/strong>Do B2 at\u00e9 ao C2&nbsp;<\/p>\n\n\n\n<figure class=\"wp-block-embed is-type-rich is-provider-spotify wp-block-embed-spotify wp-embed-aspect-21-9 wp-has-aspect-ratio\"><div class=\"wp-block-embed__wrapper\">\n<iframe loading=\"lazy\" title=\"Spotify Embed: Chimamanda Ngozi Adichie | 14\/06\/2021\" width=\"100%\" height=\"152\" frameborder=\"0\" allowfullscreen allow=\"autoplay; clipboard-write; encrypted-media; fullscreen; picture-in-picture\" src=\"https:\/\/open.spotify.com\/embed\/episode\/3KtnrpxtaYQcVj2P0jflZi?utm_source=oembed\"><\/iframe>\n<\/div><\/figure>\n","protected":false},"excerpt":{"rendered":"<p>Fluency Fix&#8217;s Beginner English &#8211; Contribui\u00e7\u00e3o: Profa.&nbsp; Sara Veloso Lara N\u00edvel: A2 Global News Podcast &#8211; Contribui\u00e7\u00e3o: Profa.&nbsp; Sara Veloso Lara N\u00edvel: C1 Ingl\u00eas na Viagem!! &#8211; Contribui\u00e7\u00e3o: Marina de Paulo Ingl\u00eas na viagem \u00e9 um podcast que discute a comunica\u00e7\u00e3o em ingl\u00eas em situa\u00e7\u00f5es de turismo. Por ser um [&hellip;]<\/p>\n","protected":false},"author":2,"featured_media":0,"parent":0,"menu_order":0,"comment_status":"closed","ping_status":"closed","template":"","meta":{"_monsterinsights_skip_tracking":false,"_monsterinsights_sitenote_active":false,"_monsterinsights_sitenote_note":"","_monsterinsights_sitenote_category":0,"footnotes":""},"class_list":["post-519","page","type-page","status-publish","hentry"],"_links":{"self":[{"href":"https:\/\/raple.fclar.unesp.br\/ingles\/wp-json\/wp\/v2\/pages\/519","targetHints":{"allow":["GET"]}}],"collection":[{"href":"https:\/\/raple.fclar.unesp.br\/ingles\/wp-json\/wp\/v2\/pages"}],"about":[{"href":"https:\/\/raple.fclar.unesp.br\/ingles\/wp-json\/wp\/v2\/types\/page"}],"author":[{"embeddable":true,"href":"https:\/\/raple.fclar.unesp.br\/ingles\/wp-json\/wp\/v2\/users\/2"}],"replies":[{"embeddable":true,"href":"https:\/\/raple.fclar.unesp.br\/ingles\/wp-json\/wp\/v2\/comments?post=519"}],"version-history":[{"count":6,"href":"https:\/\/raple.fclar.unesp.br\/ingles\/wp-json\/wp\/v2\/pages\/519\/revisions"}],"predecessor-version":[{"id":954,"href":"https:\/\/raple.fclar.unesp.br\/ingles\/wp-json\/wp\/v2\/pages\/519\/revisions\/954"}],"wp:attachment":[{"href":"https:\/\/raple.fclar.unesp.br\/ingles\/wp-json\/wp\/v2\/media?parent=519"}],"curies":[{"name":"wp","href":"https:\/\/api.w.org\/{rel}","templated":true}]}}