{"id":683,"date":"2021-05-20T14:12:30","date_gmt":"2021-05-20T17:12:30","guid":{"rendered":"https:\/\/raple.fclar.unesp.br\/ingles\/?page_id=683"},"modified":"2021-07-16T15:22:38","modified_gmt":"2021-07-16T18:22:38","slug":"ferramentas-de-interacao-no-ensino-remoto","status":"publish","type":"page","link":"https:\/\/raple.fclar.unesp.br\/ingles\/ferramentas-de-interacao-no-ensino-remoto\/","title":{"rendered":"Intera\u00e7\u00e3o no Ensino Remoto"},"content":{"rendered":"\n<div class=\"wp-block-themeisle-blocks-advanced-columns has-1-columns has-desktop-equal-layout has-tablet-equal-layout has-mobile-equal-layout has-default-gap has-vertical-unset\" id=\"wp-block-themeisle-blocks-advanced-columns-ae7640f9\"><div class=\"wp-block-themeisle-blocks-advanced-columns-overlay\"><\/div><div class=\"innerblocks-wrap\">\n<div class=\"wp-block-themeisle-blocks-advanced-column\" id=\"wp-block-themeisle-blocks-advanced-column-888d27c4\">\n<p>O desafio de lecionar no contexto de ensino remoto emergencial dispensa apresenta\u00e7\u00f5es; al\u00e9m da dificuldade para operar as tecnologias digitais, surge outra enorme d\u00favida: como interagir com os alunos no ambiente virtual? Naturalmente, aulas interativas e din\u00e2micas contribuem para um aprendizado de idiomas mais r\u00e1pido, e no mundo digital, felizmente, h\u00e1 uma abund\u00e2ncia de ferramentas que servem de alternativas para a sala de aula tradicional. Nesta p\u00e1gina apresentaremos brevemente diversos softwares e sites \u00fateis para o professor que busca trazer a presencialidade ao ensino \u00e0 dist\u00e2ncia.<\/p>\n<\/div>\n<\/div><\/div>\n\n\n\n<h2 class=\"wp-block-heading\"><a href=\"https:\/\/spatial.chat\/\" target=\"_blank\" rel=\"noreferrer noopener\">SpatialChat<\/a><\/h2>\n\n\n\n<figure class=\"wp-block-image size-large\"><img loading=\"lazy\" decoding=\"async\" width=\"1024\" height=\"576\" src=\"https:\/\/raple.fclar.unesp.br\/ingles\/wp-content\/uploads\/sites\/3\/2021\/05\/Sem-titulo-1024x576.png\" alt=\"\" class=\"wp-image-689\" srcset=\"https:\/\/raple.fclar.unesp.br\/ingles\/wp-content\/uploads\/sites\/3\/2021\/05\/Sem-titulo-1024x576.png 1024w, https:\/\/raple.fclar.unesp.br\/ingles\/wp-content\/uploads\/sites\/3\/2021\/05\/Sem-titulo-300x169.png 300w, https:\/\/raple.fclar.unesp.br\/ingles\/wp-content\/uploads\/sites\/3\/2021\/05\/Sem-titulo-768x432.png 768w, https:\/\/raple.fclar.unesp.br\/ingles\/wp-content\/uploads\/sites\/3\/2021\/05\/Sem-titulo.png 1366w\" sizes=\"auto, (max-width: 1024px) 100vw, 1024px\" \/><\/figure>\n\n\n\n<p>SpatialChat \u00e9 um site no qual se pode criar salas de bate papo com diversos recurso \u00fateis. Cada usu\u00e1rio presente na sala \u00e9 representado por um pequeno c\u00edrculo com seu nome ou a imagem de sua c\u00e2mera; o usu\u00e1rio pode falar no microfone, enviar mensagens de textos e mexer seu &#8216;avatar&#8217; pela sala virtual. Quanto mais distante um avatar estiver distante dos demais, seu volume diminui, o que torna poss\u00edvel que os alunos se agrupem e conversem entre si sem ter que sair do site. <\/p>\n\n\n\n<p>O servi\u00e7o gratuito oferecido pelo chat permite at\u00e9 tr\u00eas salas com capacidade m\u00e1xima para 25 alunos cada, e um limite de tr\u00eas mil minutos di\u00e1rios. Esse limite permite duas aulas de uma hora di\u00e1rias com vinte cinco participantes, mas o limite pode ser estendido por meio de assinaturas.<\/p>\n\n\n\n<h2 class=\"wp-block-heading\"><a href=\"https:\/\/www.wonder.me\/\">WonderMe<\/a><\/h2>\n\n\n\n<figure class=\"wp-block-image size-large\"><img loading=\"lazy\" decoding=\"async\" width=\"1024\" height=\"493\" src=\"https:\/\/raple.fclar.unesp.br\/ingles\/wp-content\/uploads\/sites\/3\/2021\/06\/wonderme-min-1024x493.png\" alt=\"\" class=\"wp-image-773\" srcset=\"https:\/\/raple.fclar.unesp.br\/ingles\/wp-content\/uploads\/sites\/3\/2021\/06\/wonderme-min-1024x493.png 1024w, https:\/\/raple.fclar.unesp.br\/ingles\/wp-content\/uploads\/sites\/3\/2021\/06\/wonderme-min-300x145.png 300w, https:\/\/raple.fclar.unesp.br\/ingles\/wp-content\/uploads\/sites\/3\/2021\/06\/wonderme-min-768x370.png 768w, https:\/\/raple.fclar.unesp.br\/ingles\/wp-content\/uploads\/sites\/3\/2021\/06\/wonderme-min.png 1364w\" sizes=\"auto, (max-width: 1024px) 100vw, 1024px\" \/><\/figure>\n\n\n\n<p>WonderMe funciona praticamente igual ao SpatialChat com o seu recurso de di\u00e1logo espacial em um ambiente na web, por\u00e9m conta com alguns recursos \u00fanicos que podem vir a ser muito \u00fateis. As perguntas icebreakers, por exemplo, s\u00e3o pr\u00e9 determinadas pelo anfitiri\u00e3o e s\u00e3o apresentadas a quem for entrando na sala, e a resposta que derem vai ficar do lado do nome de usu\u00e1rio no decorrer da sess\u00e3o. Esse recurso \u00e9 \u00fatil para se montar grupos, agrupando os alunos pela resposta que forneceram ao entrar na sala.<\/p>\n\n\n\n<p>O WonderMe tamb\u00e9m possibilita o anfitri\u00e3o definir uma foto do seu computador como o fundo da tela, al\u00e9m de fazer an\u00fancios para todos que estiverem na sala.<\/p>\n\n\n\n<p>WonderMe \u00e9 <strong>totalmente gr\u00e1tis<\/strong>, seus criadores planejam monetizar a ferramenta ao final de 2021\/come\u00e7o de 2022.<\/p>\n\n\n\n<p><\/p>\n","protected":false},"excerpt":{"rendered":"<p>SpatialChat SpatialChat \u00e9 um site no qual se pode criar salas de bate papo com diversos recurso \u00fateis. Cada usu\u00e1rio presente na sala \u00e9 representado por um pequeno c\u00edrculo com seu nome ou a imagem de sua c\u00e2mera; o usu\u00e1rio pode falar no microfone, enviar mensagens de textos e mexer [&hellip;]<\/p>\n","protected":false},"author":19,"featured_media":0,"parent":0,"menu_order":0,"comment_status":"closed","ping_status":"closed","template":"","meta":{"_monsterinsights_skip_tracking":false,"_monsterinsights_sitenote_active":false,"_monsterinsights_sitenote_note":"","_monsterinsights_sitenote_category":0,"footnotes":""},"class_list":["post-683","page","type-page","status-publish","hentry"],"_links":{"self":[{"href":"https:\/\/raple.fclar.unesp.br\/ingles\/wp-json\/wp\/v2\/pages\/683","targetHints":{"allow":["GET"]}}],"collection":[{"href":"https:\/\/raple.fclar.unesp.br\/ingles\/wp-json\/wp\/v2\/pages"}],"about":[{"href":"https:\/\/raple.fclar.unesp.br\/ingles\/wp-json\/wp\/v2\/types\/page"}],"author":[{"embeddable":true,"href":"https:\/\/raple.fclar.unesp.br\/ingles\/wp-json\/wp\/v2\/users\/19"}],"replies":[{"embeddable":true,"href":"https:\/\/raple.fclar.unesp.br\/ingles\/wp-json\/wp\/v2\/comments?post=683"}],"version-history":[{"count":9,"href":"https:\/\/raple.fclar.unesp.br\/ingles\/wp-json\/wp\/v2\/pages\/683\/revisions"}],"predecessor-version":[{"id":840,"href":"https:\/\/raple.fclar.unesp.br\/ingles\/wp-json\/wp\/v2\/pages\/683\/revisions\/840"}],"wp:attachment":[{"href":"https:\/\/raple.fclar.unesp.br\/ingles\/wp-json\/wp\/v2\/media?parent=683"}],"curies":[{"name":"wp","href":"https:\/\/api.w.org\/{rel}","templated":true}]}}