{"id":731,"date":"2021-06-10T20:07:58","date_gmt":"2021-06-10T23:07:58","guid":{"rendered":"https:\/\/raple.fclar.unesp.br\/ingles\/?page_id=731"},"modified":"2021-06-10T20:07:59","modified_gmt":"2021-06-10T23:07:59","slug":"where-you-might-find-2","status":"publish","type":"page","link":"https:\/\/raple.fclar.unesp.br\/ingles\/where-you-might-find-2\/","title":{"rendered":"Where you might find"},"content":{"rendered":"\n<div class=\"wp-block-themeisle-blocks-advanced-columns has-1-columns has-desktop-equal-layout has-tablet-equal-layout has-mobile-equal-layout has-default-gap has-vertical-unset\" id=\"wp-block-themeisle-blocks-advanced-columns-48059cb8\"><div class=\"wp-block-themeisle-blocks-advanced-columns-overlay\"><\/div><div class=\"innerblocks-wrap\">\n<div class=\"wp-block-themeisle-blocks-advanced-column\" id=\"wp-block-themeisle-blocks-advanced-column-ee7abfee\">\n<p><strong>Autoria: Profa. Rafaela Ramires Haynes<\/strong><\/p>\n\n\n\n<p><strong>Atualizado por Pedro Marinelli de Carvalho<\/strong><\/p>\n\n\n\n<p><strong>N\u00edvel: <\/strong>A2<\/p>\n\n\n\n<div class=\"wp-block-columns is-layout-flex wp-container-core-columns-is-layout-9d6595d7 wp-block-columns-is-layout-flex\">\n<div class=\"wp-block-column is-layout-flow wp-block-column-is-layout-flow\">\n<p><strong>Objetivos:<\/strong><\/p>\n\n\n\n<ul class=\"wp-block-list\"><li>Fixa\u00e7\u00e3o de l\u00e9xico relativo a culin\u00e1ria;<\/li><li>Introdu\u00e7\u00e3o a <em>Imperative Verbs<\/em>.<\/li><\/ul>\n<\/div>\n\n\n\n<div class=\"wp-block-column is-layout-flow wp-block-column-is-layout-flow\">\n<p><strong>Materiais:<\/strong><\/p>\n\n\n\n<ul class=\"wp-block-list\"><li>Projetor e equipamento de \u00e1udio;<\/li><li>Folhas impressas da tabela utilizada na aula;<\/li><li>O power point <a href=\"https:\/\/cel.fclar.unesp.br\/ingles\/wp-content\/uploads\/sites\/3\/2019\/08\/Where-you-might-find.pptx\">Where you might find<\/a>;<\/li><li>A receita e o v\u00eddeo presentes <a href=\"https:\/\/www.tasteofhome.com\/recipes\/apple-pie\/\">neste link<\/a>.<\/li><\/ul>\n<\/div>\n<\/div>\n\n\n\n<p><strong>Etapa 1<\/strong><\/p>\n\n\n\n<p>Inicie a aula com o warm up a seguir. Nesse warm up, ser\u00e3o apresentadas oito receitas t\u00edpicas de pa\u00edses que tenham o ingl\u00eas como l\u00edngua oficial e para cada prato, o aluno ter\u00e1 que escolher entre tr\u00eas op\u00e7\u00f5es de pa\u00edses. <\/p>\n\n\n\n<figure class=\"wp-block-image size-large\"><img loading=\"lazy\" decoding=\"async\" width=\"590\" height=\"560\" src=\"https:\/\/raple.fclar.unesp.br\/ingles\/wp-content\/uploads\/sites\/3\/2021\/06\/whereyoumightfind.png\" alt=\"\" class=\"wp-image-732\" srcset=\"https:\/\/raple.fclar.unesp.br\/ingles\/wp-content\/uploads\/sites\/3\/2021\/06\/whereyoumightfind.png 590w, https:\/\/raple.fclar.unesp.br\/ingles\/wp-content\/uploads\/sites\/3\/2021\/06\/whereyoumightfind-300x285.png 300w\" sizes=\"auto, (max-width: 590px) 100vw, 590px\" \/><\/figure>\n\n\n\n<p>Os alunos devem adivinhar o pa\u00eds de origem de cada uma das comidas apresentadas (todos os pa\u00edses tem como origem um pa\u00eds que tenha o ingl\u00eas como l\u00edngua oficial). Quando os alunos tiverem tentado adivinhar, pe\u00e7a para eles votarem (pedindo para eles levantarem a m\u00e3o na op\u00e7\u00e3o escolhida por cada um), em seguida, apresente o pa\u00eds de origem de cada receita e explique brevemente sobre cada receita (o pa\u00eds de origem e a breve explica\u00e7\u00e3o sobre cada receita est\u00e3o em anexo no power point na sess\u00e3o \u201cMateriais\u201d).<\/p>\n\n\n\n<p><strong>Etapa 2<\/strong><\/p>\n\n\n\n<p>Como uma atividade de Reading, apresente a receita de torta de ma\u00e7\u00e3 (em anexo) e pergunte para os alunos, ao olharem rapidamente para o texto, se conseguem perceber o g\u00eanero textual em quest\u00e3o, depois que todos souberem o g\u00eanero textual, pe\u00e7a para que leiam a receita e mostre o\u00a0 v\u00eddeo (<a href=\"https:\/\/www.tasteofhome.com\/recipes\/apple-pie\/\">https:\/\/www.tasteofhome.com\/recipes\/apple-pie\/<\/a>).<\/p>\n\n\n\n<p>Pe\u00e7a para que d\u00eaem um t\u00edtulo para o mesmo, em seguida pe\u00e7a para os alunos encontrarem e grifarem os verbos que aparecem no texto. A partir do uso do texto, comece a explica\u00e7\u00e3o sobre \u201cImperative verbs\u201d.<\/p>\n\n\n\n<p><strong>Etapa 3<\/strong><\/p>\n\n\n\n<p>Proponha que os alunos expliquem uns aos outros em ingl\u00eas uma receita qualquer. Deixe que se re\u00fanam em duplas ou grupos e lhes d\u00ea tempo para que pesquisem ou decidam por mem\u00f3ria uma receita de qualquer nacionalidade, brasileira ou estrangeira. A proposta \u00e9 que o aluno tenha em m\u00e3os uma receita em portugu\u00eas, e que ele traduza a receita escolhida usando <em>Imperative Verbs<\/em> para que um colega adivinhe de qual comida se trata.<\/p>\n<\/div>\n<\/div><\/div>\n","protected":false},"excerpt":{"rendered":"","protected":false},"author":19,"featured_media":0,"parent":0,"menu_order":0,"comment_status":"closed","ping_status":"closed","template":"","meta":{"_monsterinsights_skip_tracking":false,"_monsterinsights_sitenote_active":false,"_monsterinsights_sitenote_note":"","_monsterinsights_sitenote_category":0,"footnotes":""},"class_list":["post-731","page","type-page","status-publish","hentry"],"_links":{"self":[{"href":"https:\/\/raple.fclar.unesp.br\/ingles\/wp-json\/wp\/v2\/pages\/731","targetHints":{"allow":["GET"]}}],"collection":[{"href":"https:\/\/raple.fclar.unesp.br\/ingles\/wp-json\/wp\/v2\/pages"}],"about":[{"href":"https:\/\/raple.fclar.unesp.br\/ingles\/wp-json\/wp\/v2\/types\/page"}],"author":[{"embeddable":true,"href":"https:\/\/raple.fclar.unesp.br\/ingles\/wp-json\/wp\/v2\/users\/19"}],"replies":[{"embeddable":true,"href":"https:\/\/raple.fclar.unesp.br\/ingles\/wp-json\/wp\/v2\/comments?post=731"}],"version-history":[{"count":3,"href":"https:\/\/raple.fclar.unesp.br\/ingles\/wp-json\/wp\/v2\/pages\/731\/revisions"}],"predecessor-version":[{"id":735,"href":"https:\/\/raple.fclar.unesp.br\/ingles\/wp-json\/wp\/v2\/pages\/731\/revisions\/735"}],"wp:attachment":[{"href":"https:\/\/raple.fclar.unesp.br\/ingles\/wp-json\/wp\/v2\/media?parent=731"}],"curies":[{"name":"wp","href":"https:\/\/api.w.org\/{rel}","templated":true}]}}