{"id":6,"date":"2021-11-08T10:12:21","date_gmt":"2021-11-08T13:12:21","guid":{"rendered":"https:\/\/raple.fclar.unesp.br\/ple\/hestia-front\/"},"modified":"2022-11-24T19:38:10","modified_gmt":"2022-11-24T22:38:10","slug":"hestia-front","status":"publish","type":"page","link":"https:\/\/raple.fclar.unesp.br\/ple\/","title":{"rendered":"In\u00edcio"},"content":{"rendered":"\n<figure class=\"wp-block-image size-large\"><img loading=\"lazy\" decoding=\"async\" width=\"1024\" height=\"128\" src=\"https:\/\/raple.fclar.unesp.br\/ple\/wp-content\/uploads\/sites\/7\/2022\/11\/ple-1024x128.png\" alt=\"\" class=\"wp-image-112\" srcset=\"https:\/\/raple.fclar.unesp.br\/ple\/wp-content\/uploads\/sites\/7\/2022\/11\/ple-1024x128.png 1024w, https:\/\/raple.fclar.unesp.br\/ple\/wp-content\/uploads\/sites\/7\/2022\/11\/ple-300x38.png 300w, https:\/\/raple.fclar.unesp.br\/ple\/wp-content\/uploads\/sites\/7\/2022\/11\/ple-768x96.png 768w, https:\/\/raple.fclar.unesp.br\/ple\/wp-content\/uploads\/sites\/7\/2022\/11\/ple.png 1080w\" sizes=\"auto, (max-width: 1024px) 100vw, 1024px\" \/><\/figure>\n\n\n\n<div class=\"wp-block-columns is-layout-flex wp-container-core-columns-is-layout-9d6595d7 wp-block-columns-is-layout-flex\">\n<div class=\"wp-block-column is-layout-flow wp-block-column-is-layout-flow\">\n<figure class=\"wp-block-image size-large\"><img loading=\"lazy\" decoding=\"async\" width=\"1024\" height=\"256\" src=\"https:\/\/raple.fclar.unesp.br\/ple\/wp-content\/uploads\/sites\/7\/2022\/11\/SEC_PLANOS-1024x256.png\" alt=\"\" class=\"wp-image-114\" srcset=\"https:\/\/raple.fclar.unesp.br\/ple\/wp-content\/uploads\/sites\/7\/2022\/11\/SEC_PLANOS-1024x256.png 1024w, https:\/\/raple.fclar.unesp.br\/ple\/wp-content\/uploads\/sites\/7\/2022\/11\/SEC_PLANOS-300x75.png 300w, https:\/\/raple.fclar.unesp.br\/ple\/wp-content\/uploads\/sites\/7\/2022\/11\/SEC_PLANOS-768x192.png 768w, https:\/\/raple.fclar.unesp.br\/ple\/wp-content\/uploads\/sites\/7\/2022\/11\/SEC_PLANOS.png 1080w\" sizes=\"auto, (max-width: 1024px) 100vw, 1024px\" \/><\/figure>\n\n\n\n<p>A rec\u00e9m inaugurada \u00e1rea de Portugu\u00eas L\u00edngua Estrangeira j\u00e1 conta com tr\u00eas <span style=\"color:#a38e00\" class=\"has-inline-color\">planos de aula<\/span>, todos prontos para serem usados com sua classe! Discuta a estrutura de frases do cotidiano analisando a cr\u00f4nica &#8220;Duzentas Gramas&#8221;, revise verbos no pret\u00e9rito perfeito e imperfeito com a m\u00fasica &#8220;Naquela Mesa&#8221; ou aborde adjetivos usando outras m\u00fasicas nacionais. <\/p>\n<\/div>\n\n\n\n<div class=\"wp-block-column is-layout-flow wp-block-column-is-layout-flow\">\n<figure class=\"wp-block-image size-large\"><img loading=\"lazy\" decoding=\"async\" width=\"1024\" height=\"256\" src=\"https:\/\/raple.fclar.unesp.br\/ple\/wp-content\/uploads\/sites\/7\/2022\/11\/SEC_LINKS-1024x256.png\" alt=\"\" class=\"wp-image-115\" srcset=\"https:\/\/raple.fclar.unesp.br\/ple\/wp-content\/uploads\/sites\/7\/2022\/11\/SEC_LINKS-1024x256.png 1024w, https:\/\/raple.fclar.unesp.br\/ple\/wp-content\/uploads\/sites\/7\/2022\/11\/SEC_LINKS-300x75.png 300w, https:\/\/raple.fclar.unesp.br\/ple\/wp-content\/uploads\/sites\/7\/2022\/11\/SEC_LINKS-768x192.png 768w, https:\/\/raple.fclar.unesp.br\/ple\/wp-content\/uploads\/sites\/7\/2022\/11\/SEC_LINKS.png 1080w\" sizes=\"auto, (max-width: 1024px) 100vw, 1024px\" \/><\/figure>\n\n\n\n<p>Na lincoteca da \u00e1rea de PLE tamb\u00e9m j\u00e1 contamos com in\u00fameras ferramentas, recursos digitais, leituras e at\u00e9 dicion\u00e1rios. Na aba da licoteca voc\u00ea pode encontrar todo tipo de ferramenta para ajudar com a conjuga\u00e7\u00e3o dos seus alunos e para realizar aulas mais interativas.<\/p>\n<\/div>\n<\/div>\n","protected":false},"excerpt":{"rendered":"<p>A rec\u00e9m inaugurada \u00e1rea de Portugu\u00eas L\u00edngua Estrangeira j\u00e1 conta com tr\u00eas planos de aula, todos prontos para serem usados com sua classe! Discuta a estrutura de frases do cotidiano analisando a cr\u00f4nica &#8220;Duzentas Gramas&#8221;, revise verbos no pret\u00e9rito perfeito e imperfeito com a m\u00fasica &#8220;Naquela Mesa&#8221; ou aborde adjetivos [&hellip;]<\/p>\n","protected":false},"author":1,"featured_media":121,"parent":0,"menu_order":0,"comment_status":"closed","ping_status":"closed","template":"","meta":{"_monsterinsights_skip_tracking":false,"_monsterinsights_sitenote_active":false,"_monsterinsights_sitenote_note":"","_monsterinsights_sitenote_category":0,"footnotes":""},"class_list":["post-6","page","type-page","status-publish","has-post-thumbnail","hentry"],"_links":{"self":[{"href":"https:\/\/raple.fclar.unesp.br\/ple\/wp-json\/wp\/v2\/pages\/6","targetHints":{"allow":["GET"]}}],"collection":[{"href":"https:\/\/raple.fclar.unesp.br\/ple\/wp-json\/wp\/v2\/pages"}],"about":[{"href":"https:\/\/raple.fclar.unesp.br\/ple\/wp-json\/wp\/v2\/types\/page"}],"author":[{"embeddable":true,"href":"https:\/\/raple.fclar.unesp.br\/ple\/wp-json\/wp\/v2\/users\/1"}],"replies":[{"embeddable":true,"href":"https:\/\/raple.fclar.unesp.br\/ple\/wp-json\/wp\/v2\/comments?post=6"}],"version-history":[{"count":4,"href":"https:\/\/raple.fclar.unesp.br\/ple\/wp-json\/wp\/v2\/pages\/6\/revisions"}],"predecessor-version":[{"id":120,"href":"https:\/\/raple.fclar.unesp.br\/ple\/wp-json\/wp\/v2\/pages\/6\/revisions\/120"}],"wp:featuredmedia":[{"embeddable":true,"href":"https:\/\/raple.fclar.unesp.br\/ple\/wp-json\/wp\/v2\/media\/121"}],"wp:attachment":[{"href":"https:\/\/raple.fclar.unesp.br\/ple\/wp-json\/wp\/v2\/media?parent=6"}],"curies":[{"name":"wp","href":"https:\/\/api.w.org\/{rel}","templated":true}]}}